{"id":164,"date":"2024-12-02T18:10:25","date_gmt":"2024-12-02T17:10:25","guid":{"rendered":"https:\/\/zaragoza.wordcamp.org\/2025\/?page_id=164"},"modified":"2025-01-28T22:32:48","modified_gmt":"2025-01-28T21:32:48","slug":"organizadores","status":"publish","type":"page","link":"https:\/\/zaragoza.wordcamp.org\/2025\/participan\/organizadores\/","title":{"rendered":"Organizadores"},"content":{"rendered":"\n<div class=\"wp-block-group alignwide has-global-padding is-layout-constrained wp-container-core-group-is-layout-704e782a wp-block-group-is-layout-constrained\"><ul class=\"wordcamp-block wordcamp-post-list has-layout-grid wordcamp-organizers ficha-organizador alignwide has-grid-columns-2\"><li class=\"wordcamp-post-list__post wordcamp-clearfix\">\n<div class=\"wordcamp-organizer wordcamp-organizers__post slug-alejandro-gil-mialdea\">\n\t<h3 class=\"wordcamp-block__item-title wordcamp-organizers__title\">Alejandro Gil Mialdea<\/h3>\n\t\t\t<div class=\"wordcamp-image__avatar-container align-left\">\n\t\t\t<img decoding=\"async\" src=\"https:\/\/secure.gravatar.com\/avatar\/43f5f65fc5cc7cda34ec315a19a294411cbe017b72aae3250c1123397354eac0?s=150&amp;d=mm&amp;r=g\" alt=\"Avatar de Alejandro Gil Mialdea\" \/>\t\t<\/div>\n\t\n\t\t\t<div class=\"wordcamp-block__item-content wordcamp-organizers__content is-full\"><p>Aqu\u00ed, un caballero del mundo digital, que tras haber creado empresas enfocadas al marketing digital, ahora soy responsable TID en Cruz Roja. Mi pasi\u00f3n por el arte y los desaf\u00edos tecnol\u00f3gicos me llenan de energ\u00eda cada d\u00eda \u2728<\/p>\n<\/div>\t<\/div>\n\n<\/li><li class=\"wordcamp-post-list__post wordcamp-clearfix\">\n<div class=\"wordcamp-organizer wordcamp-organizers__post slug-arantxa-saenz\">\n\t<h3 class=\"wordcamp-block__item-title wordcamp-organizers__title\">Arantxa S\u00e1enz<\/h3>\n\t\t\t<div class=\"wordcamp-image__avatar-container align-left\">\n\t\t\t<img decoding=\"async\" src=\"https:\/\/secure.gravatar.com\/avatar\/15a264c320cfa7a679b805d7b238f49e8645e3c465a72667c1e3153a2b8f6bfe?s=150&amp;d=mm&amp;r=g\" alt=\"Avatar de Arantxa S\u00e1enz\" \/>\t\t<\/div>\n\t\n\t\t\t<div class=\"wordcamp-block__item-content wordcamp-organizers__content is-full\"><p>Social media y community manager freelance especializada en soporte y atenci\u00f3n al cliente.<\/p>\n<p>Ha participado como social media en diversos eventos en los \u00faltimos a\u00f1os como Marketinada 22, WordCamp Torrelodones 23, WordCamp Madrid 23 .<\/p>\n<p>Me flipa la m\u00fasica y si me pierdo b\u00fascame en un concierto.<\/p>\n<p>Coorganizadora de la meetup de Logro\u00f1o.<\/p>\n<\/div>\t<\/div>\n\n<\/li><li class=\"wordcamp-post-list__post wordcamp-clearfix\">\n<div class=\"wordcamp-organizer wordcamp-organizers__post slug-cesar-frisa-perez\">\n\t<h3 class=\"wordcamp-block__item-title wordcamp-organizers__title\">C\u00e9sar Frisa P\u00e9rez<\/h3>\n\t\t\t<div class=\"wordcamp-image__avatar-container align-left\">\n\t\t\t<img decoding=\"async\" src=\"https:\/\/secure.gravatar.com\/avatar\/1b21c2eefc6ee228c19a0d5fb9ceed059bb66f1eaff73b2671ea2c0aa1e9ebfb?s=150&amp;d=mm&amp;r=g\" alt=\"Avatar de C\u00e9sar Frisa P\u00e9rez\" \/>\t\t<\/div>\n\t\n\t\t\t<div class=\"wordcamp-block__item-content wordcamp-organizers__content is-full\"><p class=\"is-style-default\">Soy desarrollador, pero hago un poco de todo en OnSAT, donde trabajo. Siempre en torno a WordPress. Encantado de pertenecer a la comunidad WordPress y de aportar algo de mi tiempo, ya que gracias a WordPress trabajo y como. Bueno, gracias tambi\u00e9n al tiempo que invierten otros en WP. Venid a WordCamp Zaragoza<\/p>\n<\/div>\t<\/div>\n\n<\/li><li class=\"wordcamp-post-list__post wordcamp-clearfix\">\n<div class=\"wordcamp-organizer wordcamp-organizers__post slug-edubris-mora\">\n\t<h3 class=\"wordcamp-block__item-title wordcamp-organizers__title\">Edubris Mora<\/h3>\n\t\t\t<div class=\"wordcamp-image__avatar-container align-left\">\n\t\t\t<img decoding=\"async\" src=\"https:\/\/secure.gravatar.com\/avatar\/3cbd966ab01fff43247ce9f78791a970d5f16b3ceb11c7183be1faf7c7c17f66?s=150&amp;d=mm&amp;r=g\" alt=\"Avatar de Edubris Mora\" \/>\t\t<\/div>\n\t\n\t\t\t<div class=\"wordcamp-block__item-content wordcamp-organizers__content is-full\"><p>Licenciada en Publicidad, especialista en Estrategias Digitales, implementadora de WordPress y Notion, a veces dise\u00f1o en Figma. Venezolana residiendo en la mejor ciudad del mundo, Zaragoza. Tambi\u00e9n soy una friki amante de los videojuegos y la tecnolog\u00eda, pero sobre todas estas cosas soy humana.<\/p>\n<\/div>\t<\/div>\n\n<\/li><li class=\"wordcamp-post-list__post wordcamp-clearfix\">\n<div class=\"wordcamp-organizer wordcamp-organizers__post slug-hector-izquierdo-bartoli\">\n\t<h3 class=\"wordcamp-block__item-title wordcamp-organizers__title\">H\u00e9ctor Izquierdo Bartol\u00ed<\/h3>\n\t\t\t<div class=\"wordcamp-image__avatar-container align-left\">\n\t\t\t<img decoding=\"async\" src=\"https:\/\/secure.gravatar.com\/avatar\/078cf741e5e907363dab04090a74f0bba44e6b6f6ba8f4653e01f01ce6f9f2d0?s=150&amp;d=mm&amp;r=g\" alt=\"Avatar de H\u00e9ctor Izquierdo Bartol\u00ed\" \/>\t\t<\/div>\n\t\n\t\t\t<div class=\"wordcamp-block__item-content wordcamp-organizers__content is-full\"><p>Descubr\u00ed WordPress hace unos a\u00f1os y gracias a ello conoc\u00ed a la comunidad de WordPress de Zaragoza donde contin\u00fao aprendiendo de WordPress. Soy CRO Consultant en Flat101 y en los proyectos que est\u00e1n hechos con WordPress me ayuda mucho todo lo que aprendo con la comunidad.<\/p>\n<\/div>\t<\/div>\n\n<\/li><li class=\"wordcamp-post-list__post wordcamp-clearfix\">\n<div class=\"wordcamp-organizer wordcamp-organizers__post slug-israel-escuer\">\n\t<h3 class=\"wordcamp-block__item-title wordcamp-organizers__title\">Israel Escuer<\/h3>\n\t\t\t<div class=\"wordcamp-image__avatar-container align-left\">\n\t\t\t<img decoding=\"async\" src=\"https:\/\/secure.gravatar.com\/avatar\/5b84f22795b463bd1364b159795c18e6a6beb1e9daacc8337bf69d966b623964?s=150&amp;d=mm&amp;r=g\" alt=\"Avatar de Israel Escuer\" \/>\t\t<\/div>\n\t\n\t\t\t<div class=\"wordcamp-block__item-content wordcamp-organizers__content is-full\"><p>Trabajo como freelance, especializado en el desarrollo de aplicaciones web espec\u00edficamente con WordPress y WooCommerce. Soy parte de la comunidad de WordPress desde el a\u00f1o 2015. Desde entonces no he dejado de ayudar y colaborar tanto en la organizaci\u00f3n de la meetup como de la WordCamp Zaragoza.<\/p>\n<\/div>\t<\/div>\n\n<\/li><li class=\"wordcamp-post-list__post wordcamp-clearfix\">\n<div class=\"wordcamp-organizer wordcamp-organizers__post slug-javier-velilla\">\n\t<h3 class=\"wordcamp-block__item-title wordcamp-organizers__title\">Javier Velilla<\/h3>\n\t\t\t<div class=\"wordcamp-image__avatar-container align-left\">\n\t\t\t<img decoding=\"async\" src=\"https:\/\/secure.gravatar.com\/avatar\/f1239030f8daecdca473a5bb753015c4dcfcf7cd9481b3f9348666c1df434e26?s=150&amp;d=mm&amp;r=g\" alt=\"Avatar de Javier Velilla\" \/>\t\t<\/div>\n\t\n\t\t\t<div class=\"wordcamp-block__item-content wordcamp-organizers__content is-full\"><p>Adem\u00e1s de experto en retail, soy consultor WordPress y formador en Zaragoza. Especializado en la <a href=\"https:\/\/javivelilla.com\/\">creaci\u00f3n de p\u00e1ginas web y tiendas online<\/a> con WordPress y WooCommerce tambi\u00e9n doy servicio a otras agencias como freelance.<\/p>\n<p>Me encanta la anal\u00edtica de datos y automatizar con herramientas no-code, adem\u00e1s de utilizar herramientas de <span class=\"texto-degradado\">Inteligencia\u00a0Artificial<\/span> para vivir mejor.<br \/>Tambi\u00e9n soy un apasionado del ciclismo y si no contesto tu mensaje ser\u00e1 porque estoy dando pedales en la carretera.<\/p>\n<p>En esta WordCamp IA Zaragoza 25 me encontrar\u00e1s organizando el equipo de patrocinadores. \u00a1\u00a1\u00a1Nos vemos!!!<\/p><\/p>\n<\/div>\t<\/div>\n\n<\/li><li class=\"wordcamp-post-list__post wordcamp-clearfix\">\n<div class=\"wordcamp-organizer wordcamp-organizers__post slug-juanjo-hernanz\">\n\t<h3 class=\"wordcamp-block__item-title wordcamp-organizers__title\">Juanjo Hernanz<\/h3>\n\t\t\t<div class=\"wordcamp-image__avatar-container align-left\">\n\t\t\t<img decoding=\"async\" src=\"https:\/\/secure.gravatar.com\/avatar\/3bf7cc880196842217e5c10086d4553daee5d048a9696e028ce1ffaf6db7762d?s=150&amp;d=mm&amp;r=g\" alt=\"Avatar de Juanjo Hernanz\" \/>\t\t<\/div>\n\t\n\t\t\t<div class=\"wordcamp-block__item-content wordcamp-organizers__content is-full\"><p>Full Stack Developer con m\u00e1s de 20 a\u00f1os de experiencia en diferentes CMS, si si, hab\u00e9is le\u00eddo bien\u2026 20 a\u00f1os y eso que estoy hecho un chaval.<\/p>\n<p>Despu\u00e9s de usar varios CMS me hice fan de WordPress convirti\u00e9ndose en mi CMS de referencia.<\/p>\n<p>Ahora mi reto es poner mi granito de arena para darle a WordPress el lugar que personalmente creo que se merece y convertirlo en el referente dentro de los CMS.<\/p>\n<\/div>\t<\/div>\n\n<\/li><li class=\"wordcamp-post-list__post wordcamp-clearfix\">\n<div class=\"wordcamp-organizer wordcamp-organizers__post slug-laura-cebollada-gaudioso\">\n\t<h3 class=\"wordcamp-block__item-title wordcamp-organizers__title\">Laura Cebollada Gaudioso<\/h3>\n\t\t\t<div class=\"wordcamp-image__avatar-container align-left\">\n\t\t\t<img decoding=\"async\" src=\"https:\/\/secure.gravatar.com\/avatar\/13ef4d6a5088900dd1ab1cc3a3f7a88b367a13917b0c15d20bb8f7c278a017be?s=150&amp;d=mm&amp;r=g\" alt=\"Avatar de Laura Cebollada Gaudioso\" \/>\t\t<\/div>\n\t\n\t\t\t<div class=\"wordcamp-block__item-content wordcamp-organizers__content is-full\"><p>Apasionada del marketing en general, Growth Partner, especialista en embudos de venta para ecommerce e infoproductores. Ayuda a las empresas a escalar sus negocios a trav\u00e9s de la publicidad online. Creadora de publiestrategia.com y ropademarca.pro. Encantada de pertenecer a WordPress Zaragoza.<\/p>\n<\/div>\t<\/div>\n\n<\/li><li class=\"wordcamp-post-list__post wordcamp-clearfix\">\n<div class=\"wordcamp-organizer wordcamp-organizers__post slug-laura-santabarbara\">\n\t<h3 class=\"wordcamp-block__item-title wordcamp-organizers__title\">Laura Santab\u00e1rbara<\/h3>\n\t\t\t<div class=\"wordcamp-image__avatar-container align-left\">\n\t\t\t<img decoding=\"async\" src=\"https:\/\/secure.gravatar.com\/avatar\/2f589a539b57a7b41695d06545460dbd5a63c49db3cad9add459818ac3978d97?s=150&amp;d=mm&amp;r=g\" alt=\"Avatar de Laura Santab\u00e1rbara\" \/>\t\t<\/div>\n\t\n\t\t\t<div class=\"wordcamp-block__item-content wordcamp-organizers__content is-full\"><p>Descubr\u00ed WordCamp ZGZ 20 de casualidad. A pesar de mi nivel Padawan en el uso de WordPress, esta gente tan maja me acogi\u00f3 como voluntaria en la WordCamp Zgz 23 y ya ves! aqu\u00ed sigo, igual de novata en esto de hacer webs, pero muy ilusionada de poder co organizar un eventazo como la WordCamp ZGZ<\/p><\/p>\n<\/div>\t<\/div>\n\n<\/li><li class=\"wordcamp-post-list__post wordcamp-clearfix\">\n<div class=\"wordcamp-organizer wordcamp-organizers__post slug-merche-salas\">\n\t<h3 class=\"wordcamp-block__item-title wordcamp-organizers__title\">Merche Salas<\/h3>\n\t\t\t<div class=\"wordcamp-image__avatar-container align-left\">\n\t\t\t<img decoding=\"async\" src=\"https:\/\/secure.gravatar.com\/avatar\/d37c50ec392ec5b1c39cce11adf6db641b8ee83894601c66730f89ab1094fd4d?s=150&amp;d=mm&amp;r=g\" alt=\"Avatar de Merche Salas\" \/>\t\t<\/div>\n\t\n\t\t\t<div class=\"wordcamp-block__item-content wordcamp-organizers__content is-full\"><p>Soy creadora y dise\u00f1adora web especializada en WooCommerce. Coorganizadora en WordPress Zaragoza y l\u00edder en Elementor Espa\u00f1a. Participar en la comunidad WordPress me llena de satisfacci\u00f3n porque disfruto ayudando, compartiendo conocimientos y sobre todo aprendiendo. \u00a1Nos vemos en WordCamp Zaragoza!<\/p>\n<\/div>\t<\/div>\n\n<\/li><li class=\"wordcamp-post-list__post wordcamp-clearfix\">\n<div class=\"wordcamp-organizer wordcamp-organizers__post slug-susana-ibanez-embid\">\n\t<h3 class=\"wordcamp-block__item-title wordcamp-organizers__title\">Susana Ib\u00e1\u00f1ez Embid<\/h3>\n\t\t\t<div class=\"wordcamp-image__avatar-container align-left\">\n\t\t\t<img decoding=\"async\" src=\"https:\/\/secure.gravatar.com\/avatar\/16fb1cc5531e83c29c4313e2f70a21bfea087636f171f0a827682f3fd9e84bc5?s=150&amp;d=mm&amp;r=g\" alt=\"Avatar de Susana Ib\u00e1\u00f1ez Embid\" \/>\t\t<\/div>\n\t\n\t\t\t<div class=\"wordcamp-block__item-content wordcamp-organizers__content is-full\"><p>Llevo casi veinte a\u00f1os dedic\u00e1ndome profesionalmente a la inform\u00e1tica. Uff, como pasa el tiempo :D. Empec\u00e9 como programadora de aplicaciones web en Java. Actualmente, soy aut\u00f3noma, especializada en WordPress y WooCommerce. Entusiasta del Software Libre. \u00a1Nos vemos en la WordCamp Zaragoza 2025!<\/p>\n<\/div>\t<\/div>\n\n<\/li><\/ul><\/div>\n","protected":false},"excerpt":{"rendered":"","protected":false},"author":15324421,"featured_media":0,"parent":166,"menu_order":0,"comment_status":"closed","ping_status":"closed","template":"","meta":{"jetpack_post_was_ever_published":false,"footnotes":""},"class_list":["post-164","page","type-page","status-publish","hentry"],"jetpack_sharing_enabled":true,"_links":{"self":[{"href":"https:\/\/zaragoza.wordcamp.org\/2025\/wp-json\/wp\/v2\/pages\/164","targetHints":{"allow":["GET"]}}],"collection":[{"href":"https:\/\/zaragoza.wordcamp.org\/2025\/wp-json\/wp\/v2\/pages"}],"about":[{"href":"https:\/\/zaragoza.wordcamp.org\/2025\/wp-json\/wp\/v2\/types\/page"}],"author":[{"embeddable":true,"href":"https:\/\/zaragoza.wordcamp.org\/2025\/wp-json\/wp\/v2\/users\/15324421"}],"replies":[{"embeddable":true,"href":"https:\/\/zaragoza.wordcamp.org\/2025\/wp-json\/wp\/v2\/comments?post=164"}],"version-history":[{"count":5,"href":"https:\/\/zaragoza.wordcamp.org\/2025\/wp-json\/wp\/v2\/pages\/164\/revisions"}],"predecessor-version":[{"id":1244,"href":"https:\/\/zaragoza.wordcamp.org\/2025\/wp-json\/wp\/v2\/pages\/164\/revisions\/1244"}],"up":[{"embeddable":true,"href":"https:\/\/zaragoza.wordcamp.org\/2025\/wp-json\/wp\/v2\/pages\/166"}],"wp:attachment":[{"href":"https:\/\/zaragoza.wordcamp.org\/2025\/wp-json\/wp\/v2\/media?parent=164"}],"curies":[{"name":"wp","href":"https:\/\/api.w.org\/{rel}","templated":true}]}}