{"id":1273,"date":"2023-11-11T13:44:24","date_gmt":"2023-11-11T12:44:24","guid":{"rendered":"https:\/\/zaragoza.wordcamp.org\/2024\/?page_id=1273"},"modified":"2023-11-18T18:09:03","modified_gmt":"2023-11-18T17:09:03","slug":"contributor-day","status":"publish","type":"page","link":"https:\/\/zaragoza.wordcamp.org\/2024\/evento\/contributor-day\/","title":{"rendered":"D\u00eda de la Comunidad"},"content":{"rendered":"\n<div class=\"wp-block-columns alignfull has-secondary-background-color has-background is-layout-flex wp-container-core-columns-is-layout-bce31827 wp-block-columns-is-layout-flex\" style=\"border-style:none;border-width:0px;margin-top:0px;padding-top:var(--wp--preset--spacing--50);padding-right:var(--wp--preset--spacing--50);padding-bottom:var(--wp--preset--spacing--40);padding-left:var(--wp--preset--spacing--50)\">\n<div class=\"wp-block-column has-contrast-color has-secondary-background-color has-text-color has-background has-link-color wp-elements-ec9c83bf63051aadbe6b9e207ffc2e0b is-layout-flow wp-container-core-column-is-layout-69630deb wp-block-column-is-layout-flow\" style=\"padding-top:0;padding-right:0;padding-bottom:0;padding-left:0;flex-basis:20%\"><\/div>\n\n\n\n<div class=\"wp-block-column sombra_ficha has-base-background-color has-background is-layout-flow wp-container-core-column-is-layout-d9549b1c wp-block-column-is-layout-flow\" style=\"padding-top:var(--wp--preset--spacing--40);padding-right:var(--wp--preset--spacing--40);padding-bottom:var(--wp--preset--spacing--50);padding-left:var(--wp--preset--spacing--40);flex-basis:80%\">\n<h2 class=\"wp-block-heading has-contrast-color has-text-color has-link-color has-x-large-font-size wp-elements-9e6dc75c60ffdee5b4724e0b9da3a0e7\" style=\"margin-top:var(--wp--preset--spacing--30);margin-bottom:var(--wp--preset--spacing--30)\">\u00bfQu\u00e9 es el D\u00eda de la Comunidad o Contributor Day?<\/h2>\n\n\n\n<p class=\"wp-block-paragraph\">Es el d\u00eda en el que los entusiastas de WordPress nos reunimos para aprender, &nbsp;colaborar y por lo tanto contribuir a esta gran Comunidad de WordPress.<\/p>\n\n\n\n<p class=\"wp-block-paragraph\">\u00c9sta actividad colaborativa se desarrolla, normalmente, los d\u00edas alrededor de la WordCamp, y su objetivo principal es mejorar el proyecto WordPress.<\/p>\n<\/div>\n<\/div>\n\n\n\n<div class=\"wp-block-columns alignfull has-secondary-background-color has-background is-layout-flex wp-container-core-columns-is-layout-e3ad4007 wp-block-columns-is-layout-flex\" style=\"margin-top:0px;padding-top:0;padding-right:var(--wp--preset--spacing--50);padding-bottom:0;padding-left:var(--wp--preset--spacing--50)\">\n<div class=\"wp-block-column has-contrast-color has-secondary-background-color has-text-color has-background has-link-color wp-elements-15d429350b9eba9de389f30abf18fcb3 is-layout-flow wp-container-core-column-is-layout-8ba54f5a wp-block-column-is-layout-flow\" style=\"padding-top:0;padding-right:0px;padding-bottom:0;padding-left:0px;flex-basis:72%\">\n<figure data-wp-context=\"{&quot;imageId&quot;:&quot;6a095a77e54c2&quot;}\" data-wp-interactive=\"core\/image\" data-wp-key=\"6a095a77e54c2\" class=\"wp-block-image size-full has-custom-border sombra_ficha wp-lightbox-container\"><img data-recalc-dims=\"1\" loading=\"lazy\" decoding=\"async\" width=\"1500\" height=\"895\" data-wp-class--hide=\"state.isContentHidden\" data-wp-class--show=\"state.isContentVisible\" data-wp-init=\"callbacks.setButtonStyles\" data-wp-on--click=\"actions.showLightbox\" data-wp-on--load=\"callbacks.setButtonStyles\" data-wp-on--pointerdown=\"actions.preloadImage\" data-wp-on--pointerenter=\"actions.preloadImageWithDelay\" data-wp-on--pointerleave=\"actions.cancelPreload\" data-wp-on-window--resize=\"callbacks.setButtonStyles\" src=\"https:\/\/i0.wp.com\/zaragoza.wordcamp.org\/2024\/files\/2023\/11\/contributor-day-ana-cirujano.jpg?resize=1500%2C895&#038;ssl=1\" alt=\"\" class=\"wp-image-1278\" style=\"border-radius:10px\" title=\"\" srcset=\"https:\/\/i0.wp.com\/zaragoza.wordcamp.org\/2024\/files\/2023\/11\/contributor-day-ana-cirujano.jpg?w=1500&amp;ssl=1 1500w, https:\/\/i0.wp.com\/zaragoza.wordcamp.org\/2024\/files\/2023\/11\/contributor-day-ana-cirujano.jpg?resize=300%2C179&amp;ssl=1 300w, https:\/\/i0.wp.com\/zaragoza.wordcamp.org\/2024\/files\/2023\/11\/contributor-day-ana-cirujano.jpg?resize=1024%2C611&amp;ssl=1 1024w, https:\/\/i0.wp.com\/zaragoza.wordcamp.org\/2024\/files\/2023\/11\/contributor-day-ana-cirujano.jpg?resize=768%2C458&amp;ssl=1 768w, https:\/\/i0.wp.com\/zaragoza.wordcamp.org\/2024\/files\/2023\/11\/contributor-day-ana-cirujano.jpg?resize=500%2C298&amp;ssl=1 500w\" sizes=\"auto, (max-width: 1000px) 100vw, 1000px\" \/><button\n\t\t\tclass=\"lightbox-trigger\"\n\t\t\ttype=\"button\"\n\t\t\taria-haspopup=\"dialog\"\n\t\t\tdata-wp-bind--aria-label=\"state.thisImage.triggerButtonAriaLabel\"\n\t\t\tdata-wp-init=\"callbacks.initTriggerButton\"\n\t\t\tdata-wp-on--click=\"actions.showLightbox\"\n\t\t\tdata-wp-style--right=\"state.thisImage.buttonRight\"\n\t\t\tdata-wp-style--top=\"state.thisImage.buttonTop\"\n\t\t>\n\t\t\t<svg xmlns=\"http:\/\/www.w3.org\/2000\/svg\" width=\"12\" height=\"12\" fill=\"none\" viewBox=\"0 0 12 12\">\n\t\t\t\t<path fill=\"#fff\" d=\"M2 0a2 2 0 0 0-2 2v2h1.5V2a.5.5 0 0 1 .5-.5h2V0H2Zm2 10.5H2a.5.5 0 0 1-.5-.5V8H0v2a2 2 0 0 0 2 2h2v-1.5ZM8 12v-1.5h2a.5.5 0 0 0 .5-.5V8H12v2a2 2 0 0 1-2 2H8Zm2-12a2 2 0 0 1 2 2v2h-1.5V2a.5.5 0 0 0-.5-.5H8V0h2Z\" \/>\n\t\t\t<\/svg>\n\t\t<\/button><\/figure>\n<\/div>\n\n\n\n<div class=\"wp-block-column is-vertically-aligned-center is-layout-flow wp-container-core-column-is-layout-16ba1fe4 wp-block-column-is-layout-flow\" style=\"padding-top:var(--wp--preset--spacing--30);padding-right:var(--wp--preset--spacing--40);padding-bottom:var(--wp--preset--spacing--30);padding-left:var(--wp--preset--spacing--40);flex-basis:20%\"><\/div>\n<\/div>\n\n\n\n<div class=\"wp-block-columns alignfull has-secondary-background-color has-background is-layout-flex wp-container-core-columns-is-layout-f0fe1962 wp-block-columns-is-layout-flex\" style=\"border-style:none;border-width:0px;margin-top:0px;padding-top:var(--wp--preset--spacing--40);padding-right:var(--wp--preset--spacing--50);padding-bottom:var(--wp--preset--spacing--40);padding-left:var(--wp--preset--spacing--50)\">\n<div class=\"wp-block-column is-vertically-aligned-center is-layout-flow wp-block-column-is-layout-flow\" style=\"padding-top:var(--wp--preset--spacing--30);padding-right:var(--wp--preset--spacing--30);padding-bottom:var(--wp--preset--spacing--30);padding-left:var(--wp--preset--spacing--30);flex-basis:20%\"><\/div>\n\n\n\n<div class=\"wp-block-column is-vertically-aligned-center sombra_ficha has-custom-comunidad-background-color has-background is-layout-flow wp-container-core-column-is-layout-b58f0125 wp-block-column-is-layout-flow\" style=\"padding-top:var(--wp--preset--spacing--30);padding-right:var(--wp--preset--spacing--40);padding-bottom:var(--wp--preset--spacing--50);padding-left:var(--wp--preset--spacing--40);flex-basis:80%\">\n<h2 class=\"wp-block-heading has-base-color has-text-color has-link-color has-x-large-font-size wp-elements-632ff26dfac457127a02c4b52c940dc0\" style=\"margin-top:var(--wp--preset--spacing--30);margin-bottom:var(--wp--preset--spacing--30)\">\u00bfQui\u00e9n participa en el Contributor Day?<\/h2>\n\n\n\n<p class=\"has-base-color has-text-color has-link-color wp-elements-32f617d542f79825b7017253051d7a03 wp-block-paragraph\">Cualquier persona con m\u00e1s o menos conocimiento de WordPress &nbsp;puede aprender y contribuir aportando su experiencia en alguno de los campos en los que se dividen los equipos de trabajo del proyecto WordPress: traducir, redactar textos, dise\u00f1ar, responder preguntas en los foros de soporte, probar nuevas caracter\u00edsticas o contando tu experiencia con WordPress &nbsp;para mejorar nuevas versiones.<\/p>\n<\/div>\n<\/div>\n\n\n\n<div class=\"wp-block-columns alignfull has-secondary-background-color has-background is-layout-flex wp-container-core-columns-is-layout-e3ad4007 wp-block-columns-is-layout-flex\" style=\"margin-top:0px;padding-top:0;padding-right:var(--wp--preset--spacing--50);padding-bottom:0;padding-left:var(--wp--preset--spacing--50)\">\n<div class=\"wp-block-column has-contrast-color has-secondary-background-color has-text-color has-background has-link-color wp-elements-2fd7b69b903d85819530dc5400b2e964 is-layout-flow wp-container-core-column-is-layout-8ba54f5a wp-block-column-is-layout-flow\" style=\"padding-top:0;padding-right:0px;padding-bottom:0;padding-left:0px;flex-basis:72%\">\n<figure data-wp-context=\"{&quot;imageId&quot;:&quot;6a095a77e642a&quot;}\" data-wp-interactive=\"core\/image\" data-wp-key=\"6a095a77e642a\" class=\"wp-block-image size-full has-custom-border sombra_ficha wp-lightbox-container\"><img data-recalc-dims=\"1\" loading=\"lazy\" decoding=\"async\" width=\"1500\" height=\"900\" data-wp-class--hide=\"state.isContentHidden\" data-wp-class--show=\"state.isContentVisible\" data-wp-init=\"callbacks.setButtonStyles\" data-wp-on--click=\"actions.showLightbox\" data-wp-on--load=\"callbacks.setButtonStyles\" data-wp-on--pointerdown=\"actions.preloadImage\" data-wp-on--pointerenter=\"actions.preloadImageWithDelay\" data-wp-on--pointerleave=\"actions.cancelPreload\" data-wp-on-window--resize=\"callbacks.setButtonStyles\" src=\"https:\/\/i0.wp.com\/zaragoza.wordcamp.org\/2024\/files\/2023\/11\/WordCamp-Zaragoza-2023_dia-de-la-comunidad-106-1.jpg?resize=1500%2C900&#038;ssl=1\" alt=\"\" class=\"wp-image-1295\" style=\"border-radius:10px\" title=\"\" srcset=\"https:\/\/i0.wp.com\/zaragoza.wordcamp.org\/2024\/files\/2023\/11\/WordCamp-Zaragoza-2023_dia-de-la-comunidad-106-1.jpg?w=1500&amp;ssl=1 1500w, https:\/\/i0.wp.com\/zaragoza.wordcamp.org\/2024\/files\/2023\/11\/WordCamp-Zaragoza-2023_dia-de-la-comunidad-106-1.jpg?resize=300%2C180&amp;ssl=1 300w, https:\/\/i0.wp.com\/zaragoza.wordcamp.org\/2024\/files\/2023\/11\/WordCamp-Zaragoza-2023_dia-de-la-comunidad-106-1.jpg?resize=1024%2C614&amp;ssl=1 1024w, https:\/\/i0.wp.com\/zaragoza.wordcamp.org\/2024\/files\/2023\/11\/WordCamp-Zaragoza-2023_dia-de-la-comunidad-106-1.jpg?resize=768%2C461&amp;ssl=1 768w, https:\/\/i0.wp.com\/zaragoza.wordcamp.org\/2024\/files\/2023\/11\/WordCamp-Zaragoza-2023_dia-de-la-comunidad-106-1.jpg?resize=500%2C300&amp;ssl=1 500w\" sizes=\"auto, (max-width: 1000px) 100vw, 1000px\" \/><button\n\t\t\tclass=\"lightbox-trigger\"\n\t\t\ttype=\"button\"\n\t\t\taria-haspopup=\"dialog\"\n\t\t\tdata-wp-bind--aria-label=\"state.thisImage.triggerButtonAriaLabel\"\n\t\t\tdata-wp-init=\"callbacks.initTriggerButton\"\n\t\t\tdata-wp-on--click=\"actions.showLightbox\"\n\t\t\tdata-wp-style--right=\"state.thisImage.buttonRight\"\n\t\t\tdata-wp-style--top=\"state.thisImage.buttonTop\"\n\t\t>\n\t\t\t<svg xmlns=\"http:\/\/www.w3.org\/2000\/svg\" width=\"12\" height=\"12\" fill=\"none\" viewBox=\"0 0 12 12\">\n\t\t\t\t<path fill=\"#fff\" d=\"M2 0a2 2 0 0 0-2 2v2h1.5V2a.5.5 0 0 1 .5-.5h2V0H2Zm2 10.5H2a.5.5 0 0 1-.5-.5V8H0v2a2 2 0 0 0 2 2h2v-1.5ZM8 12v-1.5h2a.5.5 0 0 0 .5-.5V8H12v2a2 2 0 0 1-2 2H8Zm2-12a2 2 0 0 1 2 2v2h-1.5V2a.5.5 0 0 0-.5-.5H8V0h2Z\" \/>\n\t\t\t<\/svg>\n\t\t<\/button><\/figure>\n<\/div>\n\n\n\n<div class=\"wp-block-column is-vertically-aligned-center is-layout-flow wp-container-core-column-is-layout-16ba1fe4 wp-block-column-is-layout-flow\" style=\"padding-top:var(--wp--preset--spacing--30);padding-right:var(--wp--preset--spacing--40);padding-bottom:var(--wp--preset--spacing--30);padding-left:var(--wp--preset--spacing--40);flex-basis:28%\"><\/div>\n<\/div>\n\n\n\n<div class=\"wp-block-columns alignfull has-secondary-background-color has-background is-layout-flex wp-container-core-columns-is-layout-f0fe1962 wp-block-columns-is-layout-flex\" style=\"border-style:none;border-width:0px;margin-top:0px;padding-top:var(--wp--preset--spacing--40);padding-right:var(--wp--preset--spacing--50);padding-bottom:var(--wp--preset--spacing--40);padding-left:var(--wp--preset--spacing--50)\">\n<div class=\"wp-block-column has-contrast-color has-secondary-background-color has-text-color has-background has-link-color wp-elements-ec9c83bf63051aadbe6b9e207ffc2e0b is-layout-flow wp-container-core-column-is-layout-69630deb wp-block-column-is-layout-flow\" style=\"padding-top:0;padding-right:0;padding-bottom:0;padding-left:0;flex-basis:20%\"><\/div>\n\n\n\n<div class=\"wp-block-column sombra_ficha has-base-background-color has-background is-layout-flow wp-container-core-column-is-layout-b58f0125 wp-block-column-is-layout-flow\" style=\"padding-top:var(--wp--preset--spacing--30);padding-right:var(--wp--preset--spacing--40);padding-bottom:var(--wp--preset--spacing--50);padding-left:var(--wp--preset--spacing--40);flex-basis:80%\">\n<h2 class=\"wp-block-heading has-contrast-color has-text-color has-link-color has-x-large-font-size wp-elements-d9aea97e2a9dfe35e1bc9322b8abe17b\" style=\"margin-top:var(--wp--preset--spacing--30);margin-bottom:var(--wp--preset--spacing--30)\">\u00bfQu\u00e9 se hace en el Contributor Day?<\/h2>\n\n\n\n<p class=\"wp-block-paragraph\">Se crean diferentes equipos de participaci\u00f3n que abordan las distintas \u00e1reas de desarrollo de WordPress, en las que al menos hay una persona experta en ese tema que se encarga de explicar, distribuir y resolver dudas sobre las tareas de colaboraci\u00f3n.<\/p>\n\n\n\n<p class=\"wp-block-paragraph\">Se pueden crear equipos de colaboraci\u00f3n en las siguientes \u00e1reas de trabajo de WordPress:<\/p>\n\n\n\n<figure class=\"wp-block-image size-full is-resized\"><img data-recalc-dims=\"1\" loading=\"lazy\" decoding=\"async\" width=\"200\" height=\"200\" src=\"https:\/\/i0.wp.com\/zaragoza.wordcamp.org\/2024\/files\/2023\/11\/flecha-1.png?resize=200%2C200&#038;ssl=1\" alt=\"\" class=\"wp-image-1388\" style=\"width:80px;height:auto\" srcset=\"https:\/\/i0.wp.com\/zaragoza.wordcamp.org\/2024\/files\/2023\/11\/flecha-1.png?w=200&amp;ssl=1 200w, https:\/\/i0.wp.com\/zaragoza.wordcamp.org\/2024\/files\/2023\/11\/flecha-1.png?resize=150%2C150&amp;ssl=1 150w\" sizes=\"auto, (max-width: 200px) 100vw, 200px\" \/><\/figure>\n<\/div>\n<\/div>\n\n\n\n<div class=\"wp-block-columns alignfull has-secondary-background-color has-background is-layout-flex wp-container-core-columns-is-layout-d1515e7d wp-block-columns-is-layout-flex\" style=\"margin-top:0px;padding-top:var(--wp--preset--spacing--30);padding-right:var(--wp--preset--spacing--50);padding-bottom:var(--wp--preset--spacing--50);padding-left:var(--wp--preset--spacing--30)\">\n<div class=\"wp-block-column sombra_ficha has-custom-comunidad-background-color has-background is-layout-flow wp-container-core-column-is-layout-b58f0125 wp-block-column-is-layout-flow\" style=\"padding-top:var(--wp--preset--spacing--30);padding-right:var(--wp--preset--spacing--40);padding-bottom:var(--wp--preset--spacing--50);padding-left:var(--wp--preset--spacing--40);flex-basis:80%\">\n<ul class=\"has-base-color has-text-color has-link-color has-space-grotesk-font-family wp-block-list wp-elements-e5d2be2beff4a5b3cc12bf4ea21ed4b5\">\n<li><strong>Core \/ N\u00facleo<\/strong>: es el equipo, principalmente formado por desarrolladores, que mejora el propio WordPress.<\/li>\n\n\n\n<li><strong>Design \/ Dise\u00f1o<\/strong>: el equipo que ayuda a mejorar la interfaz de usuario de WordPress, adem\u00e1s de los distintos elementos visuales que lo acompa\u00f1an. Tambi\u00e9n se encargan del frontal de los sitios de wordpress.org.<\/li>\n\n\n\n<li><strong>Mobile \/ M\u00f3vil<\/strong>: el equipo encargado de las aplicaciones de Android y iOS.<\/li>\n\n\n\n<li><strong>Accessibility \/ Accesibilidad<\/strong>: el equipo encargado de mejorar y resolver los problemas de accesibilidad del n\u00facleo de WordPress y de los temas comunitarios (Twenty-algo).<\/li>\n\n\n\n<li><strong>Polyglots \/ Traducciones<\/strong>: el equipo responsable de traducir WordPress y todos sus elementos asociados.<\/li>\n\n\n\n<li><strong>Support \/ Soporte<\/strong>: el equipo que ayuda a la gesti\u00f3n y respuesta de las dudas que surgen en los foros de soporte.<\/li>\n\n\n\n<li><strong>Documentation \/ Documentaci\u00f3n<\/strong>: el equipo encargado de crear y mantener la documentaci\u00f3n de todas las partes de WordPress, tanto del c\u00f3digo como de otros elementos.<\/li>\n\n\n\n<li><strong>Themes \/ Temas<\/strong>: el equipo responsable de revisar y aprobar los temas que se suben al Directorio de Temas y de los patrones del Directorio de Patrones.<\/li>\n\n\n\n<li><strong>Plugins \/ Plugins<\/strong>: el equipo responsable de revisar y aprobar los plugins y bloques que se suben al Directorio de Plugins.<\/li>\n\n\n\n<li><strong>Community \/ Comunidad<\/strong>: el equipo que se encarga de supervisor los eventos WordPress, ya sean Meetup, WordCamp, do_action o cualquier cosa que se te ocurra para dar a conocer WordPress.<\/li>\n\n\n\n<li><strong>Meta \/ Meta<\/strong>: el equipo que se encarga de mejorar las funcionalidades de los sitios en la Comunidad WordPress.<\/li>\n\n\n\n<li><strong>Training \/ Formaci\u00f3n<\/strong>: el equipo que se encarga de la formaci\u00f3n dentro de WordPress, ya sea mediante v\u00eddeos, eventos, presentaciones, todo a trav\u00e9s de Learn WordPress.<\/li>\n\n\n\n<li><strong>Test \/ Pruebas<\/strong>: el equipo que ayudar con las pruebas de WordPress, ofreciendo una serie de tutoriales para probar nuevas funcionalidades y c\u00f3digo.<\/li>\n\n\n\n<li><strong>TV \/ TV<\/strong>: el equipo que revisa y aprueba los v\u00eddeos de distintos eventos WordPress y los sube a WordPress.TV.<\/li>\n\n\n\n<li><strong>Marketing \/ Marketing<\/strong>: el equipo responsable de dar a conocer y comunicar todo sobre WordPress.<\/li>\n\n\n\n<li><strong>CLI \/ CLI<\/strong>: el equipo responsable de la herramienta WP-CLI.<\/li>\n\n\n\n<li><strong>Hosting \/ Hosting<\/strong>: el equipo responsable de la relaci\u00f3n entre WordPress y las empresas y profesionales del alojamiento de WordPress.<\/li>\n\n\n\n<li><strong>Tide \/ Tide<\/strong>: el equipo responsable de la herramienta de automatizaci\u00f3n y an\u00e1lisis del c\u00f3digo de plugins y temas.<\/li>\n\n\n\n<li><strong>Openverse \/ Openverse<\/strong>: el equipo responsable del motor de b\u00fasqueda de contenidos multimedia.<\/li>\n\n\n\n<li><strong>Photos \/ Fotos<\/strong>: el equipo responsable de la gesti\u00f3n, aprobaci\u00f3n y revisi\u00f3n de fotograf\u00edas de WordPress Photos.<\/li>\n\n\n\n<li><strong>Core Performance \/ Rendimiento<\/strong>: el equipo responsable de mejorar el rendimiento de WordPress.<\/li>\n<\/ul>\n<\/div>\n\n\n\n<div class=\"wp-block-column has-contrast-color has-secondary-background-color has-text-color has-background has-link-color wp-elements-98981b2f655c7d85c567240fe38563e7 is-layout-flow wp-container-core-column-is-layout-d9b87195 wp-block-column-is-layout-flow\" style=\"padding-top:0;padding-right:40px;padding-bottom:0;padding-left:40px;flex-basis:20%\"><\/div>\n<\/div>\n\n\n\n<div class=\"wp-block-columns alignfull has-contrast-color has-secondary-background-color has-text-color has-background has-link-color wp-elements-fc46ea3593bac23d0e6b31dd6d4deadd is-layout-flex wp-container-core-columns-is-layout-64261ab1 wp-block-columns-is-layout-flex\" style=\"border-top-style:none;border-top-width:0px;border-right-style:none;border-right-width:0px;border-bottom-width:5px;border-left-style:none;border-left-width:0px;margin-top:0px;padding-top:0;padding-right:var(--wp--preset--spacing--50);padding-bottom:var(--wp--preset--spacing--60);padding-left:var(--wp--preset--spacing--50)\">\n<div class=\"wp-block-column is-vertically-aligned-center is-layout-flow wp-block-column-is-layout-flow\" style=\"padding-top:var(--wp--preset--spacing--30);padding-right:var(--wp--preset--spacing--30);padding-bottom:var(--wp--preset--spacing--30);padding-left:var(--wp--preset--spacing--30);flex-basis:20%\"><\/div>\n\n\n\n<div class=\"wp-block-column is-vertically-aligned-center sombra_ficha has-contrast-color has-base-background-color has-text-color has-background has-link-color wp-elements-98b7cdda45657c1b24fffcdbee73f09e is-layout-flow wp-container-core-column-is-layout-7b92bdc0 wp-block-column-is-layout-flow\" style=\"padding-top:0;padding-right:var(--wp--preset--spacing--40);padding-bottom:var(--wp--preset--spacing--40);padding-left:var(--wp--preset--spacing--40);flex-basis:80%\">\n<h2 class=\"wp-block-heading has-contrast-color has-text-color has-link-color has-x-large-font-size wp-elements-b791cc6ad2bd89328713d21163fd8f49\" style=\"margin-top:var(--wp--preset--spacing--30);margin-bottom:var(--wp--preset--spacing--30)\">\u00bfQu\u00e9 debes traer al Contributor Day?<\/h2>\n\n\n\n<p class=\"wp-block-paragraph\">Lo m\u00e1s importante, tus ganas de compartir, colaborar, aprender y buen humor.<\/p>\n\n\n\n<p class=\"wp-block-paragraph\">No te olvides de traer tu port\u00e1til y ten tu cargador a mano.<\/p>\n\n\n\n<p class=\"wp-block-paragraph\">Nosotros pondremos el lugar y la conexi\u00f3n a Internet.<\/p>\n\n\n\n<p class=\"wp-block-paragraph\"><strong>Tambi\u00e9n debes tener una cuenta en WordPress.org y cuenta en el Slack de WordPress Espa\u00f1a.<\/strong>&nbsp;Si no las tienes, las puedes crear siguiendo los pasos&nbsp;<strong>que te indica Nilo V\u00e9lez, aqu\u00ed abajo, en este v\u00eddeo<\/strong><\/p>\n\n\n\n<figure class=\"wp-block-embed is-type-video is-provider-wordpress-tv wp-block-embed-wordpress-tv wp-embed-aspect-16-9 wp-has-aspect-ratio\"><div class=\"wp-block-embed__wrapper\">\n<iframe title=\"VideoPress Video Player\" aria-label='VideoPress Video Player' width='500' height='281' src='https:\/\/video.wordpress.com\/embed\/pz3m8iX5?hd=1&amp;cover=1' frameborder='0' allowfullscreen allow='clipboard-write'><\/iframe><script src='https:\/\/v0.wordpress.com\/js\/next\/videopress-iframe.js?m=1739540970'><\/script>\n<\/div><\/figure>\n<\/div>\n<\/div>\n","protected":false},"excerpt":{"rendered":"<p>\u00bfQu\u00e9 es el D\u00eda de la Comunidad o Contributor Day? Es el d\u00eda en el que los entusiastas de WordPress nos reunimos para aprender, &nbsp;colaborar y por lo tanto contribuir a esta gran Comunidad de WordPress. \u00c9sta actividad colaborativa se desarrolla, normalmente, los d\u00edas alrededor de la WordCamp, y su objetivo principal es mejorar el [&hellip;]<\/p>\n","protected":false},"author":15562543,"featured_media":0,"parent":20,"menu_order":0,"comment_status":"closed","ping_status":"closed","template":"","meta":{"_crdt_document":"","advanced_seo_description":"","jetpack_seo_html_title":"","jetpack_seo_noindex":false,"footnotes":""},"class_list":["post-1273","page","type-page","status-publish","hentry"],"jetpack_sharing_enabled":true,"_links":{"self":[{"href":"https:\/\/zaragoza.wordcamp.org\/2024\/wp-json\/wp\/v2\/pages\/1273","targetHints":{"allow":["GET"]}}],"collection":[{"href":"https:\/\/zaragoza.wordcamp.org\/2024\/wp-json\/wp\/v2\/pages"}],"about":[{"href":"https:\/\/zaragoza.wordcamp.org\/2024\/wp-json\/wp\/v2\/types\/page"}],"author":[{"embeddable":true,"href":"https:\/\/zaragoza.wordcamp.org\/2024\/wp-json\/wp\/v2\/users\/15562543"}],"replies":[{"embeddable":true,"href":"https:\/\/zaragoza.wordcamp.org\/2024\/wp-json\/wp\/v2\/comments?post=1273"}],"version-history":[{"count":55,"href":"https:\/\/zaragoza.wordcamp.org\/2024\/wp-json\/wp\/v2\/pages\/1273\/revisions"}],"predecessor-version":[{"id":8041,"href":"https:\/\/zaragoza.wordcamp.org\/2024\/wp-json\/wp\/v2\/pages\/1273\/revisions\/8041"}],"up":[{"embeddable":true,"href":"https:\/\/zaragoza.wordcamp.org\/2024\/wp-json\/wp\/v2\/pages\/20"}],"wp:attachment":[{"href":"https:\/\/zaragoza.wordcamp.org\/2024\/wp-json\/wp\/v2\/media?parent=1273"}],"curies":[{"name":"wp","href":"https:\/\/api.w.org\/{rel}","templated":true}]}}