{"id":1573,"date":"2019-12-17T21:26:09","date_gmt":"2019-12-17T20:26:09","guid":{"rendered":"https:\/\/2020.zaragoza.wordcamp.org\/?post_type=wcb_speaker&#038;p=1573"},"modified":"2019-12-23T16:43:08","modified_gmt":"2019-12-23T15:43:08","slug":"jose-ramon","status":"publish","type":"wcb_speaker","link":"https:\/\/zaragoza.wordcamp.org\/2020\/speaker\/jose-ramon\/","title":{"rendered":"Jos\u00e9 Ram\u00f3n Padr\u00f3n"},"content":{"rendered":"\n<p class=\"wp-block-paragraph\">Jos\u00e9 Ram\u00f3n es un apasionado de la atenci\u00f3n al cliente y las ventas, centrado en los sectores del hosting y open source en Espa\u00f1a y LatAm desde hace diecinueve a\u00f1os. <\/p>\n\n\n\n<p class=\"wp-block-paragraph\">Devoto de la m\u00fasica rock, la gastronom\u00eda y la ciencia ficci\u00f3n desde hace muchos a\u00f1os m\u00e1s. <\/p>\n\n\n\n<p class=\"wp-block-paragraph\">Feliz como Country Manager de SiteGround y particularmente adicto a la filosof\u00eda \u00fanica que les caracteriza y que mezcla pasi\u00f3n, trabajo, diversi\u00f3n y devoci\u00f3n por empleados y clientes. <\/p>\n\n\n\n<p class=\"wp-block-paragraph\">Actualmente es adem\u00e1s co-organizador de la Meetup WordPress de Las Palmas de Gran Canaria, co-organizador de la WordCamp Las Palmas de Gran Canaria y responsable de contenido de WordCamp Europe 2020 en Porto.<\/p>\n","protected":false},"excerpt":{"rendered":"<p>Jos\u00e9 Ram\u00f3n es un apasionado de la atenci\u00f3n al cliente y las ventas, centrado en los sectores del hosting y open source en Espa\u00f1a y LatAm desde hace diecinueve a\u00f1os. Devoto de la m\u00fasica rock, la gastronom\u00eda y la ciencia ficci\u00f3n desde hace muchos a\u00f1os m\u00e1s. Feliz como Country Manager de SiteGround y particularmente adicto &hellip; <a href=\"https:\/\/zaragoza.wordcamp.org\/2020\/speaker\/jose-ramon\/\" class=\"more-link\">Continuar leyendo<span class=\"screen-reader-text\"> \u00abJos\u00e9 Ram\u00f3n Padr\u00f3n\u00bb<\/span><\/a><\/p>\n","protected":false},"author":15203077,"featured_media":0,"comment_status":"closed","ping_status":"closed","template":"","meta":{"_crdt_document":"","jetpack_post_was_ever_published":false,"_wcpt_user_name":"monchomad","footnotes":""},"speaker_group":[],"class_list":["post-1573","wcb_speaker","type-wcb_speaker","status-publish","hentry"],"jetpack_sharing_enabled":true,"jetpack_likes_enabled":true,"avatar_urls":{"24":"https:\/\/secure.gravatar.com\/avatar\/b96138f8f41a63ffc23173ab3faa5e53ee0c39328a8fee3dcaa964d6c2bf6138?s=24&d=mm&r=g","48":"https:\/\/secure.gravatar.com\/avatar\/b96138f8f41a63ffc23173ab3faa5e53ee0c39328a8fee3dcaa964d6c2bf6138?s=48&d=mm&r=g","96":"https:\/\/secure.gravatar.com\/avatar\/b96138f8f41a63ffc23173ab3faa5e53ee0c39328a8fee3dcaa964d6c2bf6138?s=96&d=mm&r=g","128":"https:\/\/secure.gravatar.com\/avatar\/b96138f8f41a63ffc23173ab3faa5e53ee0c39328a8fee3dcaa964d6c2bf6138?s=128&d=mm&r=g","256":"https:\/\/secure.gravatar.com\/avatar\/b96138f8f41a63ffc23173ab3faa5e53ee0c39328a8fee3dcaa964d6c2bf6138?s=256&d=mm&r=g","512":"https:\/\/secure.gravatar.com\/avatar\/b96138f8f41a63ffc23173ab3faa5e53ee0c39328a8fee3dcaa964d6c2bf6138?s=512&d=mm&r=g"},"_links":{"self":[{"href":"https:\/\/zaragoza.wordcamp.org\/2020\/wp-json\/wp\/v2\/speakers\/1573","targetHints":{"allow":["GET"]}}],"collection":[{"href":"https:\/\/zaragoza.wordcamp.org\/2020\/wp-json\/wp\/v2\/speakers"}],"about":[{"href":"https:\/\/zaragoza.wordcamp.org\/2020\/wp-json\/wp\/v2\/types\/wcb_speaker"}],"author":[{"embeddable":true,"href":"https:\/\/zaragoza.wordcamp.org\/2020\/wp-json\/wp\/v2\/users\/15203077"}],"replies":[{"embeddable":true,"href":"https:\/\/zaragoza.wordcamp.org\/2020\/wp-json\/wp\/v2\/comments?post=1573"}],"version-history":[{"count":3,"href":"https:\/\/zaragoza.wordcamp.org\/2020\/wp-json\/wp\/v2\/speakers\/1573\/revisions"}],"predecessor-version":[{"id":1923,"href":"https:\/\/zaragoza.wordcamp.org\/2020\/wp-json\/wp\/v2\/speakers\/1573\/revisions\/1923"}],"sessions":[{"embeddable":true,"href":"https:\/\/zaragoza.wordcamp.org\/2020\/wp-json\/wp\/v2\/sessions\/1716?_embed=1&context=view"}],"wp:attachment":[{"href":"https:\/\/zaragoza.wordcamp.org\/2020\/wp-json\/wp\/v2\/media?parent=1573"}],"wp:term":[{"taxonomy":"wcb_speaker_group","embeddable":true,"href":"https:\/\/zaragoza.wordcamp.org\/2020\/wp-json\/wp\/v2\/speaker_group?post=1573"}],"curies":[{"name":"wp","href":"https:\/\/api.w.org\/{rel}","templated":true}]}}

José Ramón Padrón

<p class="wp-block-paragraph">José Ramón es un apasionado de la atención al cliente y las ventas, centrado en los sectores del hosting y open source en España y LatAm desde hace diecinueve años. </p>



<p class="wp-block-paragraph">Devoto de la música rock, la gastronomía y la ciencia ficción desde hace muchos años más. </p>



<p class="wp-block-paragraph">Feliz como Country Manager de SiteGround y particularmente adicto a la filosofía única que les caracteriza y que mezcla pasión, trabajo, diversión y devoción por empleados y clientes. </p>



<p class="wp-block-paragraph">Actualmente es además co-organizador de la Meetup WordPress de Las Palmas de Gran Canaria, co-organizador de la WordCamp Las Palmas de Gran Canaria y responsable de contenido de WordCamp Europe 2020 en Porto.</p>

<p>José Ramón es un apasionado de la atención al cliente y las ventas, centrado en los sectores del hosting y open source en España y LatAm desde hace diecinueve años. Devoto de la música rock, la gastronomía y la ciencia ficción desde hace muchos años más. Feliz como Country Manager de SiteGround y particularmente adicto &hellip; <a href="https://zaragoza.wordcamp.org/2020/speaker/jose-ramon/" class="more-link">Continuar leyendo<span class="screen-reader-text"> «José Ramón Padrón»</span></a></p>
