{"id":1544,"date":"2019-12-17T19:58:52","date_gmt":"2019-12-17T18:58:52","guid":{"rendered":"https:\/\/2020.zaragoza.wordcamp.org\/?post_type=wcb_speaker&#038;p=1544"},"modified":"2020-01-04T11:14:20","modified_gmt":"2020-01-04T10:14:20","slug":"monica-villagra","status":"publish","type":"wcb_speaker","link":"https:\/\/zaragoza.wordcamp.org\/2020\/speaker\/monica-villagra\/","title":{"rendered":"M\u00f3nica Villagr\u00e1"},"content":{"rendered":"\n<p class=\"wp-block-paragraph\">Mi nombre es M\u00f3nica Villagr\u00e1, hace unos a\u00f1os me especialic\u00e9 en la metodolog\u00eda de Inbound Marketing. Durante mi trayectoria profesional de m\u00e1s de 4 a\u00f1os, he liderado la estrategia e implantaci\u00f3n de varios proyectos tanto en empresas de tipo B2B como B2C. <\/p>\n\n\n\n<p class=\"wp-block-paragraph\">Me considero una persona: Pro-activa y extrovertida. Perseverante para alcanzar mis ilusiones y objetivos. Dispuesta siempre ayudar. Me encanta estar creando cosas nuevas y diferentes. En\u00e9rgica y apasionada en todo lo que hago. <\/p>\n\n\n\n<p class=\"wp-block-paragraph\">Podeis encontrar m\u00e1s informaci\u00f3n en mi perfil de Linkedin : <a href=\"https:\/\/www.linkedin.com\/in\/monicavillagra\/\">https:\/\/www.linkedin.com\/in\/monicavillagra\/<\/a> o en Twitter @monica_vial<\/p>\n","protected":false},"excerpt":{"rendered":"<p>Mi nombre es M\u00f3nica Villagr\u00e1, hace unos a\u00f1os me especialic\u00e9 en la metodolog\u00eda de Inbound Marketing. Durante mi trayectoria profesional de m\u00e1s de 4 a\u00f1os, he liderado la estrategia e implantaci\u00f3n de varios proyectos tanto en empresas de tipo B2B como B2C. Me considero una persona: Pro-activa y extrovertida. Perseverante para alcanzar mis ilusiones y &hellip; <a href=\"https:\/\/zaragoza.wordcamp.org\/2020\/speaker\/monica-villagra\/\" class=\"more-link\">Continuar leyendo<span class=\"screen-reader-text\"> \u00abM\u00f3nica Villagr\u00e1\u00bb<\/span><\/a><\/p>\n","protected":false},"author":15203077,"featured_media":0,"comment_status":"closed","ping_status":"closed","template":"","meta":{"_crdt_document":"","jetpack_post_was_ever_published":false,"_wcpt_user_name":"monicavillagra","footnotes":""},"speaker_group":[],"class_list":["post-1544","wcb_speaker","type-wcb_speaker","status-publish","hentry"],"jetpack_sharing_enabled":true,"jetpack_likes_enabled":true,"avatar_urls":{"24":"https:\/\/secure.gravatar.com\/avatar\/4336788675cbcf16a7578d7034674c32086ed6b641c0bde89e9e572534a2e4cc?s=24&d=mm&r=g","48":"https:\/\/secure.gravatar.com\/avatar\/4336788675cbcf16a7578d7034674c32086ed6b641c0bde89e9e572534a2e4cc?s=48&d=mm&r=g","96":"https:\/\/secure.gravatar.com\/avatar\/4336788675cbcf16a7578d7034674c32086ed6b641c0bde89e9e572534a2e4cc?s=96&d=mm&r=g","128":"https:\/\/secure.gravatar.com\/avatar\/4336788675cbcf16a7578d7034674c32086ed6b641c0bde89e9e572534a2e4cc?s=128&d=mm&r=g","256":"https:\/\/secure.gravatar.com\/avatar\/4336788675cbcf16a7578d7034674c32086ed6b641c0bde89e9e572534a2e4cc?s=256&d=mm&r=g","512":"https:\/\/secure.gravatar.com\/avatar\/4336788675cbcf16a7578d7034674c32086ed6b641c0bde89e9e572534a2e4cc?s=512&d=mm&r=g"},"_links":{"self":[{"href":"https:\/\/zaragoza.wordcamp.org\/2020\/wp-json\/wp\/v2\/speakers\/1544","targetHints":{"allow":["GET"]}}],"collection":[{"href":"https:\/\/zaragoza.wordcamp.org\/2020\/wp-json\/wp\/v2\/speakers"}],"about":[{"href":"https:\/\/zaragoza.wordcamp.org\/2020\/wp-json\/wp\/v2\/types\/wcb_speaker"}],"author":[{"embeddable":true,"href":"https:\/\/zaragoza.wordcamp.org\/2020\/wp-json\/wp\/v2\/users\/15203077"}],"replies":[{"embeddable":true,"href":"https:\/\/zaragoza.wordcamp.org\/2020\/wp-json\/wp\/v2\/comments?post=1544"}],"version-history":[{"count":2,"href":"https:\/\/zaragoza.wordcamp.org\/2020\/wp-json\/wp\/v2\/speakers\/1544\/revisions"}],"predecessor-version":[{"id":2213,"href":"https:\/\/zaragoza.wordcamp.org\/2020\/wp-json\/wp\/v2\/speakers\/1544\/revisions\/2213"}],"sessions":[{"embeddable":true,"href":"https:\/\/zaragoza.wordcamp.org\/2020\/wp-json\/wp\/v2\/sessions\/1685?_embed=1&context=view"}],"wp:attachment":[{"href":"https:\/\/zaragoza.wordcamp.org\/2020\/wp-json\/wp\/v2\/media?parent=1544"}],"wp:term":[{"taxonomy":"wcb_speaker_group","embeddable":true,"href":"https:\/\/zaragoza.wordcamp.org\/2020\/wp-json\/wp\/v2\/speaker_group?post=1544"}],"curies":[{"name":"wp","href":"https:\/\/api.w.org\/{rel}","templated":true}]}}

Mónica Villagrá

<p class="wp-block-paragraph">Mi nombre es Mónica Villagrá, hace unos años me especialicé en la metodología de Inbound Marketing. Durante mi trayectoria profesional de más de 4 años, he liderado la estrategia e implantación de varios proyectos tanto en empresas de tipo B2B como B2C. </p>



<p class="wp-block-paragraph">Me considero una persona: Pro-activa y extrovertida. Perseverante para alcanzar mis ilusiones y objetivos. Dispuesta siempre ayudar. Me encanta estar creando cosas nuevas y diferentes. Enérgica y apasionada en todo lo que hago. </p>



<p class="wp-block-paragraph">Podeis encontrar más información en mi perfil de Linkedin : <a href="https://www.linkedin.com/in/monicavillagra/">https://www.linkedin.com/in/monicavillagra/</a> o en Twitter @monica_vial</p>

<p>Mi nombre es Mónica Villagrá, hace unos años me especialicé en la metodología de Inbound Marketing. Durante mi trayectoria profesional de más de 4 años, he liderado la estrategia e implantación de varios proyectos tanto en empresas de tipo B2B como B2C. Me considero una persona: Pro-activa y extrovertida. Perseverante para alcanzar mis ilusiones y &hellip; <a href="https://zaragoza.wordcamp.org/2020/speaker/monica-villagra/" class="more-link">Continuar leyendo<span class="screen-reader-text"> «Mónica Villagrá»</span></a></p>
