{"id":1526,"date":"2019-12-17T19:40:36","date_gmt":"2019-12-17T18:40:36","guid":{"rendered":"https:\/\/2020.zaragoza.wordcamp.org\/?post_type=wcb_speaker&#038;p=1526"},"modified":"2019-12-23T16:11:54","modified_gmt":"2019-12-23T15:11:54","slug":"javier-hernandez-padilla","status":"publish","type":"wcb_speaker","link":"https:\/\/zaragoza.wordcamp.org\/2020\/speaker\/javier-hernandez-padilla\/","title":{"rendered":"Javier Hern\u00e1ndez Padilla"},"content":{"rendered":"\n<p class=\"wp-block-paragraph\">Socio Fundador de Estudio Inclusivo, que con un equipo mixto de personas con discapacidad y sin ella, han desarrollado dos plugins gratuitos disponibles desde el repositorio de WordPress; PAU, Plugin de Accesibildiad Universal y Easy Read and Pictograms blocks for Gutenberg. <\/p>\n\n\n\n<p class=\"wp-block-paragraph\">So\u00f1ador e innovador, se define como un emprendedor social. Tiene m\u00e1s de 20 a\u00f1os de experiencia ejecutando proyectos tecnol\u00f3gicos y 10 de ellos con WordPress. <\/p>\n\n\n\n<p class=\"wp-block-paragraph\">Hace 15 a\u00f1os le diagnosticaron una disCAPACIDAD del 33% y se neg\u00f3 a aceptar que lo catalogaran como \u201cminusv\u00e1lido\u201d, se re-inventa, e inventa proyectos sociales. <\/p>\n\n\n\n<p class=\"wp-block-paragraph\">Afirma que en cada una de las personas est\u00e1 el \u201cc\u00f3digo fuente\u201d necesario para cambiar el mundo, e invita a que se utilice y se aproveche.<\/p>\n","protected":false},"excerpt":{"rendered":"<p>Socio Fundador de Estudio Inclusivo, que con un equipo mixto de personas con discapacidad y sin ella, han desarrollado dos plugins gratuitos disponibles desde el repositorio de WordPress; PAU, Plugin de Accesibildiad Universal y Easy Read and Pictograms blocks for Gutenberg. So\u00f1ador e innovador, se define como un emprendedor social. Tiene m\u00e1s de 20 a\u00f1os &hellip; <a href=\"https:\/\/zaragoza.wordcamp.org\/2020\/speaker\/javier-hernandez-padilla\/\" class=\"more-link\">Continuar leyendo<span class=\"screen-reader-text\"> \u00abJavier Hern\u00e1ndez Padilla\u00bb<\/span><\/a><\/p>\n","protected":false},"author":15203077,"featured_media":0,"comment_status":"closed","ping_status":"closed","template":"","meta":{"_crdt_document":"","jetpack_post_was_ever_published":false,"_wcpt_user_name":"javier.hp","footnotes":""},"speaker_group":[],"class_list":["post-1526","wcb_speaker","type-wcb_speaker","status-publish","hentry"],"jetpack_sharing_enabled":true,"jetpack_likes_enabled":true,"avatar_urls":{"24":"https:\/\/secure.gravatar.com\/avatar\/7cac48660e795cd983868d531b823c317a1a7d8b64b2d1531d49d60e1ec18d7d?s=24&d=mm&r=g","48":"https:\/\/secure.gravatar.com\/avatar\/7cac48660e795cd983868d531b823c317a1a7d8b64b2d1531d49d60e1ec18d7d?s=48&d=mm&r=g","96":"https:\/\/secure.gravatar.com\/avatar\/7cac48660e795cd983868d531b823c317a1a7d8b64b2d1531d49d60e1ec18d7d?s=96&d=mm&r=g","128":"https:\/\/secure.gravatar.com\/avatar\/7cac48660e795cd983868d531b823c317a1a7d8b64b2d1531d49d60e1ec18d7d?s=128&d=mm&r=g","256":"https:\/\/secure.gravatar.com\/avatar\/7cac48660e795cd983868d531b823c317a1a7d8b64b2d1531d49d60e1ec18d7d?s=256&d=mm&r=g","512":"https:\/\/secure.gravatar.com\/avatar\/7cac48660e795cd983868d531b823c317a1a7d8b64b2d1531d49d60e1ec18d7d?s=512&d=mm&r=g"},"_links":{"self":[{"href":"https:\/\/zaragoza.wordcamp.org\/2020\/wp-json\/wp\/v2\/speakers\/1526","targetHints":{"allow":["GET"]}}],"collection":[{"href":"https:\/\/zaragoza.wordcamp.org\/2020\/wp-json\/wp\/v2\/speakers"}],"about":[{"href":"https:\/\/zaragoza.wordcamp.org\/2020\/wp-json\/wp\/v2\/types\/wcb_speaker"}],"author":[{"embeddable":true,"href":"https:\/\/zaragoza.wordcamp.org\/2020\/wp-json\/wp\/v2\/users\/15203077"}],"replies":[{"embeddable":true,"href":"https:\/\/zaragoza.wordcamp.org\/2020\/wp-json\/wp\/v2\/comments?post=1526"}],"version-history":[{"count":2,"href":"https:\/\/zaragoza.wordcamp.org\/2020\/wp-json\/wp\/v2\/speakers\/1526\/revisions"}],"predecessor-version":[{"id":1921,"href":"https:\/\/zaragoza.wordcamp.org\/2020\/wp-json\/wp\/v2\/speakers\/1526\/revisions\/1921"}],"sessions":[{"embeddable":true,"href":"https:\/\/zaragoza.wordcamp.org\/2020\/wp-json\/wp\/v2\/sessions\/1664?_embed=1&context=view"}],"wp:attachment":[{"href":"https:\/\/zaragoza.wordcamp.org\/2020\/wp-json\/wp\/v2\/media?parent=1526"}],"wp:term":[{"taxonomy":"wcb_speaker_group","embeddable":true,"href":"https:\/\/zaragoza.wordcamp.org\/2020\/wp-json\/wp\/v2\/speaker_group?post=1526"}],"curies":[{"name":"wp","href":"https:\/\/api.w.org\/{rel}","templated":true}]}}

Javier Hernández Padilla

<p class="wp-block-paragraph">Socio Fundador de Estudio Inclusivo, que con un equipo mixto de personas con discapacidad y sin ella, han desarrollado dos plugins gratuitos disponibles desde el repositorio de WordPress; PAU, Plugin de Accesibildiad Universal y Easy Read and Pictograms blocks for Gutenberg. </p>



<p class="wp-block-paragraph">Soñador e innovador, se define como un emprendedor social. Tiene más de 20 años de experiencia ejecutando proyectos tecnológicos y 10 de ellos con WordPress. </p>



<p class="wp-block-paragraph">Hace 15 años le diagnosticaron una disCAPACIDAD del 33% y se negó a aceptar que lo catalogaran como “minusválido”, se re-inventa, e inventa proyectos sociales. </p>



<p class="wp-block-paragraph">Afirma que en cada una de las personas está el “código fuente” necesario para cambiar el mundo, e invita a que se utilice y se aproveche.</p>

<p>Socio Fundador de Estudio Inclusivo, que con un equipo mixto de personas con discapacidad y sin ella, han desarrollado dos plugins gratuitos disponibles desde el repositorio de WordPress; PAU, Plugin de Accesibildiad Universal y Easy Read and Pictograms blocks for Gutenberg. Soñador e innovador, se define como un emprendedor social. Tiene más de 20 años &hellip; <a href="https://zaragoza.wordcamp.org/2020/speaker/javier-hernandez-padilla/" class="more-link">Continuar leyendo<span class="screen-reader-text"> «Javier Hernández Padilla»</span></a></p>
