{"id":1498,"date":"2019-12-17T18:58:31","date_gmt":"2019-12-17T17:58:31","guid":{"rendered":"https:\/\/2020.zaragoza.wordcamp.org\/?post_type=wcb_speaker&#038;p=1498"},"modified":"2019-12-17T18:58:35","modified_gmt":"2019-12-17T17:58:35","slug":"angel-zinsel","status":"publish","type":"wcb_speaker","link":"https:\/\/zaragoza.wordcamp.org\/2020\/speaker\/angel-zinsel\/","title":{"rendered":"Angel Zinsel"},"content":{"rendered":"\n<p class=\"wp-block-paragraph\">Desde 1989 como SysOp de Atari Espa\u00f1a y trabajando en dise\u00f1o gr\u00e1fico, video digital y web en ese orden. <\/p>\n\n\n\n<p class=\"wp-block-paragraph\">Actualmente dedicado a la creaci\u00f3n de webs que venden y comunidades. <\/p>\n\n\n\n<p class=\"wp-block-paragraph\">Todo ello a trav\u00e9s de WordPress, Elementor y toda herramienta de marketing online que aporte valor. Co-organizador de WordCamp y WordPress Madrid. Organizador de Elementor Madrid. <\/p>\n\n\n\n<p class=\"wp-block-paragraph\">Creador de WordPress Combo. Amante de \u00c1frica y la comunicaci\u00f3n oral.<\/p>\n","protected":false},"excerpt":{"rendered":"<p>Desde 1989 como SysOp de Atari Espa\u00f1a y trabajando en dise\u00f1o gr\u00e1fico, video digital y web en ese orden. Actualmente dedicado a la creaci\u00f3n de webs que venden y comunidades. Todo ello a trav\u00e9s de WordPress, Elementor y toda herramienta de marketing online que aporte valor. Co-organizador de WordCamp y WordPress Madrid. Organizador de Elementor &hellip; <a href=\"https:\/\/zaragoza.wordcamp.org\/2020\/speaker\/angel-zinsel\/\" class=\"more-link\">Continuar leyendo<span class=\"screen-reader-text\"> \u00abAngel Zinsel\u00bb<\/span><\/a><\/p>\n","protected":false},"author":15203077,"featured_media":0,"comment_status":"closed","ping_status":"closed","template":"","meta":{"_crdt_document":"","jetpack_post_was_ever_published":false,"_wcpt_user_name":"zinanga","footnotes":""},"speaker_group":[],"class_list":["post-1498","wcb_speaker","type-wcb_speaker","status-publish","hentry"],"jetpack_sharing_enabled":true,"jetpack_likes_enabled":true,"avatar_urls":{"24":"https:\/\/secure.gravatar.com\/avatar\/c67f2b3c1299bd5e3e5bb3f38b25191ca95f572bc9b0c1f96f2bc0a5cbe2ad7c?s=24&d=mm&r=g","48":"https:\/\/secure.gravatar.com\/avatar\/c67f2b3c1299bd5e3e5bb3f38b25191ca95f572bc9b0c1f96f2bc0a5cbe2ad7c?s=48&d=mm&r=g","96":"https:\/\/secure.gravatar.com\/avatar\/c67f2b3c1299bd5e3e5bb3f38b25191ca95f572bc9b0c1f96f2bc0a5cbe2ad7c?s=96&d=mm&r=g","128":"https:\/\/secure.gravatar.com\/avatar\/c67f2b3c1299bd5e3e5bb3f38b25191ca95f572bc9b0c1f96f2bc0a5cbe2ad7c?s=128&d=mm&r=g","256":"https:\/\/secure.gravatar.com\/avatar\/c67f2b3c1299bd5e3e5bb3f38b25191ca95f572bc9b0c1f96f2bc0a5cbe2ad7c?s=256&d=mm&r=g","512":"https:\/\/secure.gravatar.com\/avatar\/c67f2b3c1299bd5e3e5bb3f38b25191ca95f572bc9b0c1f96f2bc0a5cbe2ad7c?s=512&d=mm&r=g"},"_links":{"self":[{"href":"https:\/\/zaragoza.wordcamp.org\/2020\/wp-json\/wp\/v2\/speakers\/1498","targetHints":{"allow":["GET"]}}],"collection":[{"href":"https:\/\/zaragoza.wordcamp.org\/2020\/wp-json\/wp\/v2\/speakers"}],"about":[{"href":"https:\/\/zaragoza.wordcamp.org\/2020\/wp-json\/wp\/v2\/types\/wcb_speaker"}],"author":[{"embeddable":true,"href":"https:\/\/zaragoza.wordcamp.org\/2020\/wp-json\/wp\/v2\/users\/15203077"}],"replies":[{"embeddable":true,"href":"https:\/\/zaragoza.wordcamp.org\/2020\/wp-json\/wp\/v2\/comments?post=1498"}],"version-history":[{"count":1,"href":"https:\/\/zaragoza.wordcamp.org\/2020\/wp-json\/wp\/v2\/speakers\/1498\/revisions"}],"predecessor-version":[{"id":1499,"href":"https:\/\/zaragoza.wordcamp.org\/2020\/wp-json\/wp\/v2\/speakers\/1498\/revisions\/1499"}],"sessions":[{"embeddable":true,"href":"https:\/\/zaragoza.wordcamp.org\/2020\/wp-json\/wp\/v2\/sessions\/1594?_embed=1&context=view"}],"wp:attachment":[{"href":"https:\/\/zaragoza.wordcamp.org\/2020\/wp-json\/wp\/v2\/media?parent=1498"}],"wp:term":[{"taxonomy":"wcb_speaker_group","embeddable":true,"href":"https:\/\/zaragoza.wordcamp.org\/2020\/wp-json\/wp\/v2\/speaker_group?post=1498"}],"curies":[{"name":"wp","href":"https:\/\/api.w.org\/{rel}","templated":true}]}}

<p class="wp-block-paragraph">Desde 1989 como SysOp de Atari España y trabajando en diseño gráfico, video digital y web en ese orden. </p>



<p class="wp-block-paragraph">Actualmente dedicado a la creación de webs que venden y comunidades. </p>



<p class="wp-block-paragraph">Todo ello a través de WordPress, Elementor y toda herramienta de marketing online que aporte valor. Co-organizador de WordCamp y WordPress Madrid. Organizador de Elementor Madrid. </p>



<p class="wp-block-paragraph">Creador de WordPress Combo. Amante de África y la comunicación oral.</p>

<p>Desde 1989 como SysOp de Atari España y trabajando en diseño gráfico, video digital y web en ese orden. Actualmente dedicado a la creación de webs que venden y comunidades. Todo ello a través de WordPress, Elementor y toda herramienta de marketing online que aporte valor. Co-organizador de WordCamp y WordPress Madrid. Organizador de Elementor &hellip; <a href="https://zaragoza.wordcamp.org/2020/speaker/angel-zinsel/" class="more-link">Continuar leyendo<span class="screen-reader-text"> «Angel Zinsel»</span></a></p>
