{"id":1751,"date":"2019-12-18T17:26:29","date_gmt":"2019-12-18T16:26:29","guid":{"rendered":"https:\/\/2020.zaragoza.wordcamp.org\/?post_type=wcb_session&#038;p=1751"},"modified":"2020-01-22T08:40:08","modified_gmt":"2020-01-22T07:40:08","slug":"wordpressero-de-0-a-100-en-un-trimestre","status":"publish","type":"wcb_session","link":"https:\/\/zaragoza.wordcamp.org\/2020\/session\/wordpressero-de-0-a-100-en-un-trimestre\/","title":{"rendered":"WordPressero de 0 a 100 en un trimestre"},"content":{"rendered":"\n<p class=\"wp-block-paragraph\">Explicaci\u00f3n conceptual de como reabr\u00ed mi cuenta de Twitter el 28 de Agosto por empezar a compartir y me met\u00ed de lleno ;) <\/p>\n\n\n\n<p class=\"wp-block-paragraph\"> <strong>\u00bfPor qu\u00e9 eleg\u00ed WordPress? <\/strong><br>A parte de empezar explicando un poco como de desarrollador PHP y Javascript, mont\u00e9 una empresa de dise\u00f1o, desarrollo y marqueting decic\u00ed que WP era el nicho donde trabajar y como adquir\u00ed todo el conocimiento. <\/p>\n\n\n\n<p class=\"wp-block-paragraph\"><strong>\u00bfPor qu\u00e9 decid\u00ed meterme en la comunidad?<\/strong><br>Despu\u00e9s de a\u00f1o en mi huevo haciendo cosas hubo un verano que decid\u00ed hacer cosas y empec\u00e9 a grabarme alg\u00fan video.. pero no quer\u00eda que estos cayeran en una balsa de aceite (no s\u00e9 si la expresi\u00f3n existe en castellano) Pues decid\u00ed, a parte de escribir posts t\u00e9cnicos con un caliz m\u00e1s personal (los de despu\u00e9s de verano del blog de grafreak), hacer un poco de ruido en alguna red social. <\/p>\n\n\n\n<p class=\"wp-block-paragraph\"><strong>\u00bfC\u00f3mo me li\u00e9?<\/strong><br>Justo despu\u00e9s de comentar de manera anecd\u00f3tica un tweet, el usuario @jaime_garmar me motiv\u00f3 a meterme en la comunidad y a partir de ah\u00ed m\u00e1s de 100 foros respuestos en 2 meses, activo en la comunidad Slack, siguiendo y hablando con algunos ponentes (que me generan admiraci\u00f3n), asistiendo a las meetups de Barcelona, Gramanet y Terrassa, organizando y reactivando WPGranollers y ahora presentando una ponencia en WCZGZ&#8230;. Lo siguiente ser\u00e1 es que me inviten a alg\u00fan podcast ;)<\/p>\n\n\n\n<p class=\"wp-block-paragraph\">\u00bfQu<strong>\u00e9 he recibido ya?<\/strong><br>Pues que no estoy solo, que hay m\u00e1s gente que comparte muchas cosas como yo, que me aportan y yo les aporto a ellos y que me siento muy acogido (si es que que me dan 3 likes y me vengo arriba)<\/p>\n","protected":false},"excerpt":{"rendered":"<p>Explicaci\u00f3n conceptual de como reabr\u00ed mi cuenta de Twitter el 28 de Agosto por empezar a compartir y me met\u00ed de lleno ;) \u00bfPor qu\u00e9 eleg\u00ed WordPress? A parte de empezar explicando un poco como de desarrollador PHP y Javascript, mont\u00e9 una empresa de dise\u00f1o, desarrollo y marqueting decic\u00ed que WP era el nicho donde &hellip; <a href=\"https:\/\/zaragoza.wordcamp.org\/2020\/session\/wordpressero-de-0-a-100-en-un-trimestre\/\" class=\"more-link\">Continuar leyendo<span class=\"screen-reader-text\"> \u00abWordPressero de 0 a 100 en un trimestre\u00bb<\/span><\/a><\/p>\n","protected":false},"author":17486695,"featured_media":2313,"template":"","meta":{"_crdt_document":"","jetpack_post_was_ever_published":false,"_wcpt_session_time":1579368600,"_wcpt_session_duration":3000,"_wcpt_session_type":"session","_wcpt_session_slides":"https:\/\/drive.google.com\/file\/d\/17JlLZEb9pg5vqtsiXd3xYag5aIRfzbzN\/view","_wcpt_session_video":"https:\/\/wordpress.tv\/2020\/01\/20\/adrian-cobo-wordpressero-de-0-a-100-en-un-trimestre\/","_wcpt_speaker_id":[1749],"footnotes":""},"session_track":[48],"session_category":[52],"class_list":["post-1751","wcb_session","type-wcb_session","status-publish","has-post-thumbnail","hentry","wcb_track-track-b-open-urban-lab","wcb_session_category-todos-los-publicos"],"jetpack_sharing_enabled":true,"jetpack_likes_enabled":true,"session_date_time":{"date":"18\/01\/2020","time":"18:30"},"session_speakers":[{"id":"1749","slug":"adrian-cobo","name":"Adri\u00e1n Cobo","link":"https:\/\/zaragoza.wordcamp.org\/2020\/speaker\/adrian-cobo\/"}],"session_cats_rendered":"Todos los p\u00fablicos","_links":{"self":[{"href":"https:\/\/zaragoza.wordcamp.org\/2020\/wp-json\/wp\/v2\/sessions\/1751","targetHints":{"allow":["GET"]}}],"collection":[{"href":"https:\/\/zaragoza.wordcamp.org\/2020\/wp-json\/wp\/v2\/sessions"}],"about":[{"href":"https:\/\/zaragoza.wordcamp.org\/2020\/wp-json\/wp\/v2\/types\/wcb_session"}],"version-history":[{"count":2,"href":"https:\/\/zaragoza.wordcamp.org\/2020\/wp-json\/wp\/v2\/sessions\/1751\/revisions"}],"predecessor-version":[{"id":2782,"href":"https:\/\/zaragoza.wordcamp.org\/2020\/wp-json\/wp\/v2\/sessions\/1751\/revisions\/2782"}],"speakers":[{"embeddable":true,"href":"https:\/\/zaragoza.wordcamp.org\/2020\/wp-json\/wp\/v2\/speakers\/1749"}],"author":[{"embeddable":true,"href":"https:\/\/zaragoza.wordcamp.org\/2020\/wp-json\/wporg\/v1\/users\/adriandegrafreak"}],"wp:featuredmedia":[{"embeddable":true,"href":"https:\/\/zaragoza.wordcamp.org\/2020\/wp-json\/wp\/v2\/media\/2313"}],"wp:attachment":[{"href":"https:\/\/zaragoza.wordcamp.org\/2020\/wp-json\/wp\/v2\/media?parent=1751"}],"wp:term":[{"taxonomy":"wcb_track","embeddable":true,"href":"https:\/\/zaragoza.wordcamp.org\/2020\/wp-json\/wp\/v2\/session_track?post=1751"},{"taxonomy":"wcb_session_category","embeddable":true,"href":"https:\/\/zaragoza.wordcamp.org\/2020\/wp-json\/wp\/v2\/session_category?post=1751"}],"curies":[{"name":"wp","href":"https:\/\/api.w.org\/{rel}","templated":true}]}}

<p class="wp-block-paragraph">Explicación conceptual de como reabrí mi cuenta de Twitter el 28 de Agosto por empezar a compartir y me metí de lleno ;) </p>



<p class="wp-block-paragraph"> <strong>¿Por qué elegí WordPress? </strong><br>A parte de empezar explicando un poco como de desarrollador PHP y Javascript, monté una empresa de diseño, desarrollo y marqueting decicí que WP era el nicho donde trabajar y como adquirí todo el conocimiento. </p>



<p class="wp-block-paragraph"><strong>¿Por qué decidí meterme en la comunidad?</strong><br>Después de año en mi huevo haciendo cosas hubo un verano que decidí hacer cosas y empecé a grabarme algún video.. pero no quería que estos cayeran en una balsa de aceite (no sé si la expresión existe en castellano) Pues decidí, a parte de escribir posts técnicos con un caliz más personal (los de después de verano del blog de grafreak), hacer un poco de ruido en alguna red social. </p>



<p class="wp-block-paragraph"><strong>¿Cómo me lié?</strong><br>Justo después de comentar de manera anecdótica un tweet, el usuario @jaime_garmar me motivó a meterme en la comunidad y a partir de ahí más de 100 foros respuestos en 2 meses, activo en la comunidad Slack, siguiendo y hablando con algunos ponentes (que me generan admiración), asistiendo a las meetups de Barcelona, Gramanet y Terrassa, organizando y reactivando WPGranollers y ahora presentando una ponencia en WCZGZ&#8230;. Lo siguiente será es que me inviten a algún podcast ;)</p>



<p class="wp-block-paragraph">¿Qu<strong>é he recibido ya?</strong><br>Pues que no estoy solo, que hay más gente que comparte muchas cosas como yo, que me aportan y yo les aporto a ellos y que me siento muy acogido (si es que que me dan 3 likes y me vengo arriba)</p>

<p>Explicación conceptual de como reabrí mi cuenta de Twitter el 28 de Agosto por empezar a compartir y me metí de lleno ;) ¿Por qué elegí WordPress? A parte de empezar explicando un poco como de desarrollador PHP y Javascript, monté una empresa de diseño, desarrollo y marqueting decicí que WP era el nicho donde &hellip; <a href="https://zaragoza.wordcamp.org/2020/session/wordpressero-de-0-a-100-en-un-trimestre/" class="more-link">Continuar leyendo<span class="screen-reader-text"> «WordPressero de 0 a 100 en un trimestre»</span></a></p>

Adrián Cobo

Todos los públicos
