{"id":1721,"date":"2019-12-18T17:03:08","date_gmt":"2019-12-18T16:03:08","guid":{"rendered":"https:\/\/2020.zaragoza.wordcamp.org\/?post_type=wcb_session&#038;p=1721"},"modified":"2020-01-27T16:57:53","modified_gmt":"2020-01-27T15:57:53","slug":"creando-un-dark-theme-con-variables-css-unete-al-lado-oscuro","status":"publish","type":"wcb_session","link":"https:\/\/zaragoza.wordcamp.org\/2020\/session\/creando-un-dark-theme-con-variables-css-unete-al-lado-oscuro\/","title":{"rendered":"Creando un dark theme con variables CSS (\u00fanete al lado oscuro)"},"content":{"rendered":"\n<p class=\"wp-block-paragraph\">Desde hace ya un tiempo, los dark themes se han puesto de moda. Los podemos ver en Skype, Twitter, iOS y un mont\u00f3n de sitios y aplicaciones. <\/p>\n\n\n\n<p class=\"wp-block-paragraph\">En este taller se explicar\u00e1 c\u00f3mo crear un dark theme usando una propiedad muy potente de CSS: las custom properties, o variables nativas. <\/p>\n\n\n\n<p class=\"wp-block-paragraph\">Con una buena estructura de variables CSS y unas pocas l\u00edneas de JavaScript se puede permitir al visitante de nuestra web que elija el aspecto que m\u00e1s le guste (claro \/ oscuro), se lo puede personalizar o incluso se puede cambiar autom\u00e1ticamente seg\u00fan la hora del d\u00eda. <\/p>\n\n\n\n<p class=\"wp-block-paragraph\">Y lo mejor de todo, las custom properties son variables nativas CSS y no es necesario trabajar con preprocesadores para utilitzarlas.<\/p>\n","protected":false},"excerpt":{"rendered":"<p>Desde hace ya un tiempo, los dark themes se han puesto de moda. Los podemos ver en Skype, Twitter, iOS y un mont\u00f3n de sitios y aplicaciones. En este taller se explicar\u00e1 c\u00f3mo crear un dark theme usando una propiedad muy potente de CSS: las custom properties, o variables nativas. Con una buena estructura de &hellip; <a href=\"https:\/\/zaragoza.wordcamp.org\/2020\/session\/creando-un-dark-theme-con-variables-css-unete-al-lado-oscuro\/\" class=\"more-link\">Continuar leyendo<span class=\"screen-reader-text\"> \u00abCreando un dark theme con variables CSS (\u00fanete al lado oscuro)\u00bb<\/span><\/a><\/p>\n","protected":false},"author":16023355,"featured_media":2170,"template":"","meta":{"_crdt_document":"","jetpack_post_was_ever_published":false,"_wcpt_session_time":1579367700,"_wcpt_session_duration":3000,"_wcpt_session_type":"session","_wcpt_session_slides":"https:\/\/docs.google.com\/presentation\/d\/1ctEbEOI5wvrqg0wSCifPA4MW0ZG728XVznM8RlYfWVo\/present","_wcpt_session_video":"https:\/\/wordpress.tv\/2020\/01\/22\/aleix-marti-carmona-creando-un-dark-theme-con-variables-css-unete-al-lado-oscuro\/","_wcpt_speaker_id":[1578],"footnotes":""},"session_track":[49],"session_category":[],"class_list":["post-1721","wcb_session","type-wcb_session","status-publish","has-post-thumbnail","hentry","wcb_track-track-c-aula-1"],"jetpack_sharing_enabled":true,"jetpack_likes_enabled":true,"session_date_time":{"date":"18\/01\/2020","time":"18:15"},"session_speakers":[{"id":"1578","slug":"aleix-marti-carmona","name":"Aleix Mart\u00ed Carmona","link":"https:\/\/zaragoza.wordcamp.org\/2020\/speaker\/aleix-marti-carmona\/"}],"session_cats_rendered":null,"_links":{"self":[{"href":"https:\/\/zaragoza.wordcamp.org\/2020\/wp-json\/wp\/v2\/sessions\/1721","targetHints":{"allow":["GET"]}}],"collection":[{"href":"https:\/\/zaragoza.wordcamp.org\/2020\/wp-json\/wp\/v2\/sessions"}],"about":[{"href":"https:\/\/zaragoza.wordcamp.org\/2020\/wp-json\/wp\/v2\/types\/wcb_session"}],"version-history":[{"count":1,"href":"https:\/\/zaragoza.wordcamp.org\/2020\/wp-json\/wp\/v2\/sessions\/1721\/revisions"}],"predecessor-version":[{"id":1722,"href":"https:\/\/zaragoza.wordcamp.org\/2020\/wp-json\/wp\/v2\/sessions\/1721\/revisions\/1722"}],"speakers":[{"embeddable":true,"href":"https:\/\/zaragoza.wordcamp.org\/2020\/wp-json\/wp\/v2\/speakers\/1578"}],"author":[{"embeddable":true,"href":"https:\/\/zaragoza.wordcamp.org\/2020\/wp-json\/wporg\/v1\/users\/aleixmarti"}],"wp:featuredmedia":[{"embeddable":true,"href":"https:\/\/zaragoza.wordcamp.org\/2020\/wp-json\/wp\/v2\/media\/2170"}],"wp:attachment":[{"href":"https:\/\/zaragoza.wordcamp.org\/2020\/wp-json\/wp\/v2\/media?parent=1721"}],"wp:term":[{"taxonomy":"wcb_track","embeddable":true,"href":"https:\/\/zaragoza.wordcamp.org\/2020\/wp-json\/wp\/v2\/session_track?post=1721"},{"taxonomy":"wcb_session_category","embeddable":true,"href":"https:\/\/zaragoza.wordcamp.org\/2020\/wp-json\/wp\/v2\/session_category?post=1721"}],"curies":[{"name":"wp","href":"https:\/\/api.w.org\/{rel}","templated":true}]}}

Creando un dark theme con variables CSS (únete al lado oscuro)

<p class="wp-block-paragraph">Desde hace ya un tiempo, los dark themes se han puesto de moda. Los podemos ver en Skype, Twitter, iOS y un montón de sitios y aplicaciones. </p>



<p class="wp-block-paragraph">En este taller se explicará cómo crear un dark theme usando una propiedad muy potente de CSS: las custom properties, o variables nativas. </p>



<p class="wp-block-paragraph">Con una buena estructura de variables CSS y unas pocas líneas de JavaScript se puede permitir al visitante de nuestra web que elija el aspecto que más le guste (claro / oscuro), se lo puede personalizar o incluso se puede cambiar automáticamente según la hora del día. </p>



<p class="wp-block-paragraph">Y lo mejor de todo, las custom properties son variables nativas CSS y no es necesario trabajar con preprocesadores para utilitzarlas.</p>

<p>Desde hace ya un tiempo, los dark themes se han puesto de moda. Los podemos ver en Skype, Twitter, iOS y un montón de sitios y aplicaciones. En este taller se explicará cómo crear un dark theme usando una propiedad muy potente de CSS: las custom properties, o variables nativas. Con una buena estructura de &hellip; <a href="https://zaragoza.wordcamp.org/2020/session/creando-un-dark-theme-con-variables-css-unete-al-lado-oscuro/" class="more-link">Continuar leyendo<span class="screen-reader-text"> «Creando un dark theme con variables CSS (únete al lado oscuro)»</span></a></p>

Aleix Martí Carmona
