{"id":1716,"date":"2019-12-18T17:00:15","date_gmt":"2019-12-18T16:00:15","guid":{"rendered":"https:\/\/2020.zaragoza.wordcamp.org\/?post_type=wcb_session&#038;p=1716"},"modified":"2020-01-22T08:59:45","modified_gmt":"2020-01-22T07:59:45","slug":"diez-razones-por-las-que-tienes-que-ir-a-wordcamp-europe-porto-2020","status":"publish","type":"wcb_session","link":"https:\/\/zaragoza.wordcamp.org\/2020\/session\/diez-razones-por-las-que-tienes-que-ir-a-wordcamp-europe-porto-2020\/","title":{"rendered":"Diez razones por las que tienes que ir a WordCamp Europe Porto 2020"},"content":{"rendered":"\n<p class=\"wp-block-paragraph\">Colaboro en la organizaci\u00f3n de WCEU desde los \u00faltimos tres a\u00f1os, y la llevo en mi coraz\u00f3n desde la primera vez que asist\u00ed a una en Sevilla 2015. Quisiera explicarte las mil razones por las que obligatoriamente todos tenemos que estar presentes en esta edici\u00f3n. <\/p>\n\n\n\n<p class=\"wp-block-paragraph\">Como no me va a dar tiempo a explicarte todas, citar\u00e9 las m\u00e1s importantes. Si vienes a la presentaci\u00f3n, terminar\u00e1s comprando tu entrada y acerc\u00e1ndote al evento WordPress m\u00e1s grande del mundo, en el que adem\u00e1s. la participaci\u00f3n espa\u00f1ola en la organizaci\u00f3n es cada vez m\u00e1s grande.<\/p>\n","protected":false},"excerpt":{"rendered":"<p>Colaboro en la organizaci\u00f3n de WCEU desde los \u00faltimos tres a\u00f1os, y la llevo en mi coraz\u00f3n desde la primera vez que asist\u00ed a una en Sevilla 2015. Quisiera explicarte las mil razones por las que obligatoriamente todos tenemos que estar presentes en esta edici\u00f3n. Como no me va a dar tiempo a explicarte todas, &hellip; <a href=\"https:\/\/zaragoza.wordcamp.org\/2020\/session\/diez-razones-por-las-que-tienes-que-ir-a-wordcamp-europe-porto-2020\/\" class=\"more-link\">Continuar leyendo<span class=\"screen-reader-text\"> \u00abDiez razones por las que tienes que ir a WordCamp Europe Porto 2020\u00bb<\/span><\/a><\/p>\n","protected":false},"author":15008105,"featured_media":2314,"template":"","meta":{"_crdt_document":"","jetpack_post_was_ever_published":false,"_wcpt_session_time":1579369500,"_wcpt_session_duration":3000,"_wcpt_session_type":"session","_wcpt_session_slides":"https:\/\/drive.google.com\/file\/d\/1qOjkkIrEu4o2HoD9UvWLNJYraGIivbrW\/view","_wcpt_session_video":"https:\/\/wordpress.tv\/2020\/01\/21\/jose-ramon-padron-diez-razones-por-las-que-tienes-que-ir-a-wordcamp-europe-porto-2020\/","_wcpt_speaker_id":[1573],"footnotes":""},"session_track":[48],"session_category":[52],"class_list":["post-1716","wcb_session","type-wcb_session","status-publish","has-post-thumbnail","hentry","wcb_track-track-b-open-urban-lab","wcb_session_category-todos-los-publicos"],"jetpack_sharing_enabled":true,"jetpack_likes_enabled":true,"session_date_time":{"date":"18\/01\/2020","time":"18:45"},"session_speakers":[{"id":"1573","slug":"jose-ramon","name":"Jos\u00e9 Ram\u00f3n Padr\u00f3n","link":"https:\/\/zaragoza.wordcamp.org\/2020\/speaker\/jose-ramon\/"}],"session_cats_rendered":"Todos los p\u00fablicos","_links":{"self":[{"href":"https:\/\/zaragoza.wordcamp.org\/2020\/wp-json\/wp\/v2\/sessions\/1716","targetHints":{"allow":["GET"]}}],"collection":[{"href":"https:\/\/zaragoza.wordcamp.org\/2020\/wp-json\/wp\/v2\/sessions"}],"about":[{"href":"https:\/\/zaragoza.wordcamp.org\/2020\/wp-json\/wp\/v2\/types\/wcb_session"}],"version-history":[{"count":1,"href":"https:\/\/zaragoza.wordcamp.org\/2020\/wp-json\/wp\/v2\/sessions\/1716\/revisions"}],"predecessor-version":[{"id":1718,"href":"https:\/\/zaragoza.wordcamp.org\/2020\/wp-json\/wp\/v2\/sessions\/1716\/revisions\/1718"}],"speakers":[{"embeddable":true,"href":"https:\/\/zaragoza.wordcamp.org\/2020\/wp-json\/wp\/v2\/speakers\/1573"}],"author":[{"embeddable":true,"href":"https:\/\/zaragoza.wordcamp.org\/2020\/wp-json\/wporg\/v1\/users\/monchomad"}],"wp:featuredmedia":[{"embeddable":true,"href":"https:\/\/zaragoza.wordcamp.org\/2020\/wp-json\/wp\/v2\/media\/2314"}],"wp:attachment":[{"href":"https:\/\/zaragoza.wordcamp.org\/2020\/wp-json\/wp\/v2\/media?parent=1716"}],"wp:term":[{"taxonomy":"wcb_track","embeddable":true,"href":"https:\/\/zaragoza.wordcamp.org\/2020\/wp-json\/wp\/v2\/session_track?post=1716"},{"taxonomy":"wcb_session_category","embeddable":true,"href":"https:\/\/zaragoza.wordcamp.org\/2020\/wp-json\/wp\/v2\/session_category?post=1716"}],"curies":[{"name":"wp","href":"https:\/\/api.w.org\/{rel}","templated":true}]}}

<p class="wp-block-paragraph">Colaboro en la organización de WCEU desde los últimos tres años, y la llevo en mi corazón desde la primera vez que asistí a una en Sevilla 2015. Quisiera explicarte las mil razones por las que obligatoriamente todos tenemos que estar presentes en esta edición. </p>



<p class="wp-block-paragraph">Como no me va a dar tiempo a explicarte todas, citaré las más importantes. Si vienes a la presentación, terminarás comprando tu entrada y acercándote al evento WordPress más grande del mundo, en el que además. la participación española en la organización es cada vez más grande.</p>

<p>Colaboro en la organización de WCEU desde los últimos tres años, y la llevo en mi corazón desde la primera vez que asistí a una en Sevilla 2015. Quisiera explicarte las mil razones por las que obligatoriamente todos tenemos que estar presentes en esta edición. Como no me va a dar tiempo a explicarte todas, &hellip; <a href="https://zaragoza.wordcamp.org/2020/session/diez-razones-por-las-que-tienes-que-ir-a-wordcamp-europe-porto-2020/" class="more-link">Continuar leyendo<span class="screen-reader-text"> «Diez razones por las que tienes que ir a WordCamp Europe Porto 2020»</span></a></p>

José Ramón Padrón

Todos los públicos
