{"id":1664,"date":"2019-12-18T14:33:56","date_gmt":"2019-12-18T13:33:56","guid":{"rendered":"https:\/\/2020.zaragoza.wordcamp.org\/?post_type=wcb_session&#038;p=1664"},"modified":"2020-01-22T09:21:48","modified_gmt":"2020-01-22T08:21:48","slug":"pon-un-panel-de-accesibilidad-universal-a-tus-usuarios-te-lo-agradeceran","status":"publish","type":"wcb_session","link":"https:\/\/zaragoza.wordcamp.org\/2020\/session\/pon-un-panel-de-accesibilidad-universal-a-tus-usuarios-te-lo-agradeceran\/","title":{"rendered":"Pon un Panel de Accesibilidad Universal a tus usuarios, te lo agradecer\u00e1n"},"content":{"rendered":"\n<p class=\"wp-block-paragraph\">Os guiaremos y ayudaremos a dotar con un <strong>Panel de Accesibilidad Universal<\/strong> a la p\u00e1gina web que traigas para la pr\u00e1ctica, donde aprender\u00e1s lo necesario para salir con todo instalado, configurado y trabajando correctamente: listo para pasar la web en producci\u00f3n.<\/p>\n\n\n\n<p class=\"wp-block-paragraph\">Os pondremos un mont\u00f3n de herramientas no solo para personas con discapacidad, sino pensadas tambi\u00e9n para altos porcentajes de vuestros usuarios\/as, con medidas como: ayudas visuales, herramientas para fuentes y sus tama\u00f1os, ayuda a la navegaci\u00f3n, etc.<\/p>\n\n\n\n<p class=\"wp-block-paragraph\">Adem\u00e1s, veremos c\u00f3mo dotar a la web de una comunicaci\u00f3n alternativa de nuestros contenidos comunicando tambi\u00e9n mediante pictogramas, voces de locuci\u00f3n del contenido e incluso Lengua de Signos, donde adem\u00e1s pueden ser personalizadas en funci\u00f3n a las preferencias o necesidades de nuestros usuarios.<\/p>\n\n\n\n<p class=\"wp-block-paragraph\">Tambi\u00e9n ense\u00f1aremos el porqu\u00e9 de cada una de estas medidas.<\/p>\n\n\n\n<p class=\"wp-block-paragraph\">Tambi\u00e9n veremos donde podemos conseguir este tipo de contenido alternativo sin ning\u00fan coste para nosotros, porqu\u00e9 es necesario, y c\u00f3mo tener esta bater\u00eda de medidas y multimedia sin que afecte a penas a la carga del servidor y la carga de la web.<\/p>\n\n\n\n<p class=\"wp-block-paragraph\">Dispon\u00e9is de un ejemplo de como puede quedar la web, desde aqu\u00ed: https:\/\/estudioinclusivo.com y https:\/\/copava.org, aunque en estos ejemplos hay muchas medidas activadas por defecto, ya veremos c\u00f3mo activar \u00fanicamente lo que nos interesa en funci\u00f3n al tipo de usuarios que tengamos en nuestra web, y dejar el resto de medidas y herramientas \u00fanicamente como opcionales y a activar \u00fanicamente cuando el usuario lo necesite.<\/p>\n\n\n\n<p class=\"has-background has-light-gray-background-color wp-block-paragraph\">Si quieres poner en pr\u00e1ctica lo aprendido aqu\u00ed, se recomienda traer una web ya terminada pero en un entorno de desarrollo, es decir, no definitiva o p\u00fablica.<\/p>\n","protected":false},"excerpt":{"rendered":"<p>Os guiaremos y ayudaremos a dotar con un Panel de Accesibilidad Universal a la p\u00e1gina web que traigas para la pr\u00e1ctica, donde aprender\u00e1s lo necesario para salir con todo instalado, configurado y trabajando correctamente: listo para pasar la web en producci\u00f3n. Os pondremos un mont\u00f3n de herramientas no solo para personas con discapacidad, sino pensadas &hellip; <a href=\"https:\/\/zaragoza.wordcamp.org\/2020\/session\/pon-un-panel-de-accesibilidad-universal-a-tus-usuarios-te-lo-agradeceran\/\" class=\"more-link\">Continuar leyendo<span class=\"screen-reader-text\"> \u00abPon un Panel de Accesibilidad Universal a tus usuarios, te lo agradecer\u00e1n\u00bb<\/span><\/a><\/p>\n","protected":false},"author":17642309,"featured_media":2305,"template":"","meta":{"_crdt_document":"","jetpack_post_was_ever_published":false,"_wcpt_session_time":1579344600,"_wcpt_session_duration":3000,"_wcpt_session_type":"session","_wcpt_session_slides":"https:\/\/docs.google.com\/presentation\/d\/1ZC72Mnl69ZZcqsdHXAJuid5prntJesKC9_XpBpafbbg\/present","_wcpt_session_video":"https:\/\/wordpress.tv\/2020\/01\/20\/javier-hernandez-padilla-y-marcos-jimenez-solsona-pon-un-panel-de-accesibilidad-universal-a-tus-usuarios-te-lo-agradeceran\/","_wcpt_speaker_id":[1524,1526],"footnotes":""},"session_track":[48],"session_category":[52],"class_list":["post-1664","wcb_session","type-wcb_session","status-publish","has-post-thumbnail","hentry","wcb_track-track-b-open-urban-lab","wcb_session_category-todos-los-publicos"],"jetpack_sharing_enabled":true,"jetpack_likes_enabled":true,"session_date_time":{"date":"18\/01\/2020","time":"11:50"},"session_speakers":[{"id":"1524","slug":"marcos-jimenez-solsona","name":"Marcos Jim\u00e9nez Solsona","link":"https:\/\/zaragoza.wordcamp.org\/2020\/speaker\/marcos-jimenez-solsona\/"},{"id":"1526","slug":"javier-hernandez-padilla","name":"Javier Hern\u00e1ndez Padilla","link":"https:\/\/zaragoza.wordcamp.org\/2020\/speaker\/javier-hernandez-padilla\/"}],"session_cats_rendered":"Todos los p\u00fablicos","_links":{"self":[{"href":"https:\/\/zaragoza.wordcamp.org\/2020\/wp-json\/wp\/v2\/sessions\/1664","targetHints":{"allow":["GET"]}}],"collection":[{"href":"https:\/\/zaragoza.wordcamp.org\/2020\/wp-json\/wp\/v2\/sessions"}],"about":[{"href":"https:\/\/zaragoza.wordcamp.org\/2020\/wp-json\/wp\/v2\/types\/wcb_session"}],"version-history":[{"count":2,"href":"https:\/\/zaragoza.wordcamp.org\/2020\/wp-json\/wp\/v2\/sessions\/1664\/revisions"}],"predecessor-version":[{"id":1798,"href":"https:\/\/zaragoza.wordcamp.org\/2020\/wp-json\/wp\/v2\/sessions\/1664\/revisions\/1798"}],"speakers":[{"embeddable":true,"href":"https:\/\/zaragoza.wordcamp.org\/2020\/wp-json\/wp\/v2\/speakers\/1524"},{"embeddable":true,"href":"https:\/\/zaragoza.wordcamp.org\/2020\/wp-json\/wp\/v2\/speakers\/1526"}],"author":[{"embeddable":true,"href":"https:\/\/zaragoza.wordcamp.org\/2020\/wp-json\/wporg\/v1\/users\/marjimso87"}],"wp:featuredmedia":[{"embeddable":true,"href":"https:\/\/zaragoza.wordcamp.org\/2020\/wp-json\/wp\/v2\/media\/2305"}],"wp:attachment":[{"href":"https:\/\/zaragoza.wordcamp.org\/2020\/wp-json\/wp\/v2\/media?parent=1664"}],"wp:term":[{"taxonomy":"wcb_track","embeddable":true,"href":"https:\/\/zaragoza.wordcamp.org\/2020\/wp-json\/wp\/v2\/session_track?post=1664"},{"taxonomy":"wcb_session_category","embeddable":true,"href":"https:\/\/zaragoza.wordcamp.org\/2020\/wp-json\/wp\/v2\/session_category?post=1664"}],"curies":[{"name":"wp","href":"https:\/\/api.w.org\/{rel}","templated":true}]}}

Pon un Panel de Accesibilidad Universal a tus usuarios, te lo agradecerán

<p class="wp-block-paragraph">Os guiaremos y ayudaremos a dotar con un <strong>Panel de Accesibilidad Universal</strong> a la página web que traigas para la práctica, donde aprenderás lo necesario para salir con todo instalado, configurado y trabajando correctamente: listo para pasar la web en producción.</p>



<p class="wp-block-paragraph">Os pondremos un montón de herramientas no solo para personas con discapacidad, sino pensadas también para altos porcentajes de vuestros usuarios/as, con medidas como: ayudas visuales, herramientas para fuentes y sus tamaños, ayuda a la navegación, etc.</p>



<p class="wp-block-paragraph">Además, veremos cómo dotar a la web de una comunicación alternativa de nuestros contenidos comunicando también mediante pictogramas, voces de locución del contenido e incluso Lengua de Signos, donde además pueden ser personalizadas en función a las preferencias o necesidades de nuestros usuarios.</p>



<p class="wp-block-paragraph">También enseñaremos el porqué de cada una de estas medidas.</p>



<p class="wp-block-paragraph">También veremos donde podemos conseguir este tipo de contenido alternativo sin ningún coste para nosotros, porqué es necesario, y cómo tener esta batería de medidas y multimedia sin que afecte a penas a la carga del servidor y la carga de la web.</p>



<p class="wp-block-paragraph">Disponéis de un ejemplo de como puede quedar la web, desde aquí: https://estudioinclusivo.com y https://copava.org, aunque en estos ejemplos hay muchas medidas activadas por defecto, ya veremos cómo activar únicamente lo que nos interesa en función al tipo de usuarios que tengamos en nuestra web, y dejar el resto de medidas y herramientas únicamente como opcionales y a activar únicamente cuando el usuario lo necesite.</p>



<p class="has-background has-light-gray-background-color wp-block-paragraph">Si quieres poner en práctica lo aprendido aquí, se recomienda traer una web ya terminada pero en un entorno de desarrollo, es decir, no definitiva o pública.</p>

<p>Os guiaremos y ayudaremos a dotar con un Panel de Accesibilidad Universal a la página web que traigas para la práctica, donde aprenderás lo necesario para salir con todo instalado, configurado y trabajando correctamente: listo para pasar la web en producción. Os pondremos un montón de herramientas no solo para personas con discapacidad, sino pensadas &hellip; <a href="https://zaragoza.wordcamp.org/2020/session/pon-un-panel-de-accesibilidad-universal-a-tus-usuarios-te-lo-agradeceran/" class="more-link">Continuar leyendo<span class="screen-reader-text"> «Pon un Panel de Accesibilidad Universal a tus usuarios, te lo agradecerán»</span></a></p>

Marcos Jiménez Solsona

Javier Hernández Padilla

Todos los públicos
