{"id":1588,"date":"2019-12-17T21:48:24","date_gmt":"2019-12-17T20:48:24","guid":{"rendered":"https:\/\/2020.zaragoza.wordcamp.org\/?post_type=wcb_session&#038;p=1588"},"modified":"2020-01-22T09:57:02","modified_gmt":"2020-01-22T08:57:02","slug":"quiero-aprender-wordpress-vale-pero-que-debo-aprender","status":"publish","type":"wcb_session","link":"https:\/\/zaragoza.wordcamp.org\/2020\/session\/quiero-aprender-wordpress-vale-pero-que-debo-aprender\/","title":{"rendered":"Quiero aprender WordPress. Vale, pero&#8230; \u00bfqu\u00e9 debo aprender?"},"content":{"rendered":"\n<p class=\"wp-block-paragraph\">\u00bfYa conoces WordPress? \u00bfYa sabes que es la herramienta que quieres utilizar pero no sabes por d\u00f3nde empezar?<\/p>\n\n\n\n<p class=\"wp-block-paragraph\">En esta charla vamos a ver por d\u00f3nde empezar a aprender WordPress dependiendo de tu perfil profesional y de qu\u00e9 uso le vas a dar.<\/p>\n","protected":false},"excerpt":{"rendered":"<p>\u00bfYa conoces WordPress? \u00bfYa sabes que es la herramienta que quieres utilizar pero no sabes por d\u00f3nde empezar? En esta charla vamos a ver por d\u00f3nde empezar a aprender WordPress dependiendo de tu perfil profesional y de qu\u00e9 uso le vas a dar.<\/p>\n","protected":false},"author":15365751,"featured_media":2048,"template":"","meta":{"_crdt_document":"","jetpack_post_was_ever_published":false,"_wcpt_session_time":1579335600,"_wcpt_session_duration":3000,"_wcpt_session_type":"session","_wcpt_session_slides":"https:\/\/docs.google.com\/presentation\/d\/1gjHNqWwz56sVGG36DO76rIqAsOW5g034i3ywmna5ReM\/present","_wcpt_session_video":"https:\/\/wordpress.tv\/2020\/01\/21\/dani-serrano-quiero-aprender-wordpress-vale-pero-que-debo-aprender\/","_wcpt_speaker_id":[1491],"footnotes":""},"session_track":[47],"session_category":[52],"class_list":["post-1588","wcb_session","type-wcb_session","status-publish","has-post-thumbnail","hentry","wcb_track-track-a-auditorio","wcb_session_category-todos-los-publicos"],"jetpack_sharing_enabled":true,"jetpack_likes_enabled":true,"session_date_time":{"date":"18\/01\/2020","time":"09:20"},"session_speakers":[{"id":"1491","slug":"dani-serrano","name":"Dani Serrano","link":"https:\/\/zaragoza.wordcamp.org\/2020\/speaker\/dani-serrano\/"}],"session_cats_rendered":"Todos los p\u00fablicos","_links":{"self":[{"href":"https:\/\/zaragoza.wordcamp.org\/2020\/wp-json\/wp\/v2\/sessions\/1588","targetHints":{"allow":["GET"]}}],"collection":[{"href":"https:\/\/zaragoza.wordcamp.org\/2020\/wp-json\/wp\/v2\/sessions"}],"about":[{"href":"https:\/\/zaragoza.wordcamp.org\/2020\/wp-json\/wp\/v2\/types\/wcb_session"}],"author":[{"embeddable":true,"href":"https:\/\/zaragoza.wordcamp.org\/2020\/wp-json\/wp\/v2\/users\/15365751"}],"version-history":[{"count":2,"href":"https:\/\/zaragoza.wordcamp.org\/2020\/wp-json\/wp\/v2\/sessions\/1588\/revisions"}],"predecessor-version":[{"id":1623,"href":"https:\/\/zaragoza.wordcamp.org\/2020\/wp-json\/wp\/v2\/sessions\/1588\/revisions\/1623"}],"speakers":[{"embeddable":true,"href":"https:\/\/zaragoza.wordcamp.org\/2020\/wp-json\/wp\/v2\/speakers\/1491"}],"wp:featuredmedia":[{"embeddable":true,"href":"https:\/\/zaragoza.wordcamp.org\/2020\/wp-json\/wp\/v2\/media\/2048"}],"wp:attachment":[{"href":"https:\/\/zaragoza.wordcamp.org\/2020\/wp-json\/wp\/v2\/media?parent=1588"}],"wp:term":[{"taxonomy":"wcb_track","embeddable":true,"href":"https:\/\/zaragoza.wordcamp.org\/2020\/wp-json\/wp\/v2\/session_track?post=1588"},{"taxonomy":"wcb_session_category","embeddable":true,"href":"https:\/\/zaragoza.wordcamp.org\/2020\/wp-json\/wp\/v2\/session_category?post=1588"}],"curies":[{"name":"wp","href":"https:\/\/api.w.org\/{rel}","templated":true}]}}

Quiero aprender WordPress. Vale, pero&#8230; ¿qué debo aprender?

<p class="wp-block-paragraph">¿Ya conoces WordPress? ¿Ya sabes que es la herramienta que quieres utilizar pero no sabes por dónde empezar?</p>



<p class="wp-block-paragraph">En esta charla vamos a ver por dónde empezar a aprender WordPress dependiendo de tu perfil profesional y de qué uso le vas a dar.</p>

<p>¿Ya conoces WordPress? ¿Ya sabes que es la herramienta que quieres utilizar pero no sabes por dónde empezar? En esta charla vamos a ver por dónde empezar a aprender WordPress dependiendo de tu perfil profesional y de qué uso le vas a dar.</p>

Todos los públicos
