{"id":1980,"date":"2019-01-08T20:10:28","date_gmt":"2019-01-08T19:10:28","guid":{"rendered":"https:\/\/2019.zaragoza.wordcamp.org\/?page_id=1980"},"modified":"2019-01-25T00:09:40","modified_gmt":"2019-01-24T23:09:40","slug":"identidad-visual","status":"publish","type":"page","link":"https:\/\/zaragoza.wordcamp.org\/2019\/identidad-visual\/","title":{"rendered":"Identidad visual"},"content":{"rendered":"\n<p class=\"wp-block-paragraph\">El conjunto de identidad visual de WordCamp Zaragoza 2019 est\u00e1 formado por un imagotipo (logotipo + s\u00edmbolo). Como regla general deber\u00e1n permanecer unidos. Debe mantenerse fiel a las siguientes indicaciones, la proporci\u00f3n, as\u00ed como los colores de sus elementos (logotipo y s\u00edmbolo).<\/p>\n\n\n\n<p class=\"wp-block-paragraph\">A continuaci\u00f3n, se indican algunas pautas de utilizaci\u00f3n en sus versiones de dise\u00f1o sobre fondos claros o fondos oscuros seg\u00fan sea necesario.<\/p>\n\n\n\n<div style=\"height:36px\" aria-hidden=\"true\" class=\"wp-block-spacer\"><\/div>\n\n\n\n<h2 class=\"wp-block-heading\">Descargar logotipo vectorial<\/h2>\n\n\n\n<div class=\"wp-block-file btndescargarmedios\"><a href=\"https:\/\/2019.zaragoza.wordcamp.org\/files\/2019\/01\/logotipo-wczgz19.pdf\" class=\"wp-block-file__button\" download>Descargar<\/a><\/div>\n\n\n\n<h2 class=\"wp-block-heading\">Descargar logotipo PNG con fondo transparente<\/h2>\n\n\n\n<div class=\"wp-block-columns has-4-columns is-layout-flex wp-container-core-columns-is-layout-8f761849 wp-block-columns-is-layout-flex\">\n<div class=\"wp-block-column bgfafafa is-layout-flow wp-block-column-is-layout-flow\">\n<figure class=\"wp-block-image\"><img data-recalc-dims=\"1\" loading=\"lazy\" decoding=\"async\" width=\"525\" height=\"251\" data-attachment-id=\"2149\" data-permalink=\"https:\/\/zaragoza.wordcamp.org\/2019\/identidad-visual\/logo-wczgz-2019-claro\/\" data-orig-file=\"https:\/\/i0.wp.com\/zaragoza.wordcamp.org\/2019\/files\/2019\/01\/logo-wczgz-2019-claro.png?fit=1770%2C846&amp;ssl=1\" data-orig-size=\"1770,846\" data-comments-opened=\"1\" data-image-meta=\"{&quot;aperture&quot;:&quot;0&quot;,&quot;credit&quot;:&quot;&quot;,&quot;camera&quot;:&quot;&quot;,&quot;caption&quot;:&quot;&quot;,&quot;created_timestamp&quot;:&quot;0&quot;,&quot;copyright&quot;:&quot;&quot;,&quot;focal_length&quot;:&quot;0&quot;,&quot;iso&quot;:&quot;0&quot;,&quot;shutter_speed&quot;:&quot;0&quot;,&quot;title&quot;:&quot;&quot;,&quot;orientation&quot;:&quot;0&quot;}\" data-image-title=\"logo-wczgz-2019-claro\" data-image-description=\"\" data-image-caption=\"\" data-large-file=\"https:\/\/i0.wp.com\/zaragoza.wordcamp.org\/2019\/files\/2019\/01\/logo-wczgz-2019-claro.png?fit=525%2C251&amp;ssl=1\" src=\"https:\/\/i0.wp.com\/2019.zaragoza.wordcamp.org\/files\/2019\/01\/logo-wczgz-2019-claro-1024x489.png?resize=525%2C251&#038;ssl=1\" alt=\"\" class=\"wp-image-2149\" srcset=\"https:\/\/i0.wp.com\/zaragoza.wordcamp.org\/2019\/files\/2019\/01\/logo-wczgz-2019-claro.png?resize=1024%2C489&amp;ssl=1 1024w, https:\/\/i0.wp.com\/zaragoza.wordcamp.org\/2019\/files\/2019\/01\/logo-wczgz-2019-claro.png?resize=300%2C143&amp;ssl=1 300w, https:\/\/i0.wp.com\/zaragoza.wordcamp.org\/2019\/files\/2019\/01\/logo-wczgz-2019-claro.png?resize=768%2C367&amp;ssl=1 768w, https:\/\/i0.wp.com\/zaragoza.wordcamp.org\/2019\/files\/2019\/01\/logo-wczgz-2019-claro.png?resize=500%2C239&amp;ssl=1 500w, https:\/\/i0.wp.com\/zaragoza.wordcamp.org\/2019\/files\/2019\/01\/logo-wczgz-2019-claro.png?w=1770&amp;ssl=1 1770w, https:\/\/i0.wp.com\/zaragoza.wordcamp.org\/2019\/files\/2019\/01\/logo-wczgz-2019-claro.png?w=1575&amp;ssl=1 1575w\" sizes=\"auto, (max-width: 767px) 89vw, (max-width: 1000px) 54vw, (max-width: 1071px) 543px, 580px\" \/><\/figure>\n\n\n\n<div class=\"wp-block-file\"><a href=\"https:\/\/2019.zaragoza.wordcamp.org\/files\/2019\/01\/logo-wczgz-2019-claro.png\" target=\"_blank\" rel=\"noreferrer noopener\">Descargar<\/a><\/div>\n<\/div>\n\n\n\n<div class=\"wp-block-column bgfafafa is-layout-flow wp-block-column-is-layout-flow\">\n<figure class=\"wp-block-image\"><img data-recalc-dims=\"1\" loading=\"lazy\" decoding=\"async\" width=\"525\" height=\"251\" data-attachment-id=\"2150\" data-permalink=\"https:\/\/zaragoza.wordcamp.org\/2019\/identidad-visual\/logo-wczgz-2019-claro-1tinta\/\" data-orig-file=\"https:\/\/i0.wp.com\/zaragoza.wordcamp.org\/2019\/files\/2019\/01\/logo-wczgz-2019-claro-1tinta.png?fit=1770%2C846&amp;ssl=1\" data-orig-size=\"1770,846\" data-comments-opened=\"1\" data-image-meta=\"{&quot;aperture&quot;:&quot;0&quot;,&quot;credit&quot;:&quot;&quot;,&quot;camera&quot;:&quot;&quot;,&quot;caption&quot;:&quot;&quot;,&quot;created_timestamp&quot;:&quot;0&quot;,&quot;copyright&quot;:&quot;&quot;,&quot;focal_length&quot;:&quot;0&quot;,&quot;iso&quot;:&quot;0&quot;,&quot;shutter_speed&quot;:&quot;0&quot;,&quot;title&quot;:&quot;&quot;,&quot;orientation&quot;:&quot;0&quot;}\" data-image-title=\"logo-wczgz-2019-claro-1tinta\" data-image-description=\"\" data-image-caption=\"\" data-large-file=\"https:\/\/i0.wp.com\/zaragoza.wordcamp.org\/2019\/files\/2019\/01\/logo-wczgz-2019-claro-1tinta.png?fit=525%2C251&amp;ssl=1\" src=\"https:\/\/i0.wp.com\/2019.zaragoza.wordcamp.org\/files\/2019\/01\/logo-wczgz-2019-claro-1tinta-1024x489.png?resize=525%2C251&#038;ssl=1\" alt=\"\" class=\"wp-image-2150\" srcset=\"https:\/\/i0.wp.com\/zaragoza.wordcamp.org\/2019\/files\/2019\/01\/logo-wczgz-2019-claro-1tinta.png?resize=1024%2C489&amp;ssl=1 1024w, https:\/\/i0.wp.com\/zaragoza.wordcamp.org\/2019\/files\/2019\/01\/logo-wczgz-2019-claro-1tinta.png?resize=300%2C143&amp;ssl=1 300w, https:\/\/i0.wp.com\/zaragoza.wordcamp.org\/2019\/files\/2019\/01\/logo-wczgz-2019-claro-1tinta.png?resize=768%2C367&amp;ssl=1 768w, https:\/\/i0.wp.com\/zaragoza.wordcamp.org\/2019\/files\/2019\/01\/logo-wczgz-2019-claro-1tinta.png?resize=500%2C239&amp;ssl=1 500w, https:\/\/i0.wp.com\/zaragoza.wordcamp.org\/2019\/files\/2019\/01\/logo-wczgz-2019-claro-1tinta.png?w=1770&amp;ssl=1 1770w, https:\/\/i0.wp.com\/zaragoza.wordcamp.org\/2019\/files\/2019\/01\/logo-wczgz-2019-claro-1tinta.png?w=1575&amp;ssl=1 1575w\" sizes=\"auto, (max-width: 767px) 89vw, (max-width: 1000px) 54vw, (max-width: 1071px) 543px, 580px\" \/><\/figure>\n\n\n\n<div class=\"wp-block-file\"><a href=\"https:\/\/2019.zaragoza.wordcamp.org\/files\/2019\/01\/logo-wczgz-2019-claro-1tinta.png\" target=\"_blank\" rel=\"noreferrer noopener\">Descargar<\/a><\/div>\n<\/div>\n\n\n\n<div class=\"wp-block-column bg2e242c is-layout-flow wp-block-column-is-layout-flow\">\n<figure class=\"wp-block-image\"><img data-recalc-dims=\"1\" loading=\"lazy\" decoding=\"async\" width=\"525\" height=\"251\" data-attachment-id=\"2151\" data-permalink=\"https:\/\/zaragoza.wordcamp.org\/2019\/identidad-visual\/logo-wczgz-2019-oscuro\/\" data-orig-file=\"https:\/\/i0.wp.com\/zaragoza.wordcamp.org\/2019\/files\/2019\/01\/logo-wczgz-2019-oscuro.png?fit=1770%2C846&amp;ssl=1\" data-orig-size=\"1770,846\" data-comments-opened=\"1\" data-image-meta=\"{&quot;aperture&quot;:&quot;0&quot;,&quot;credit&quot;:&quot;&quot;,&quot;camera&quot;:&quot;&quot;,&quot;caption&quot;:&quot;&quot;,&quot;created_timestamp&quot;:&quot;0&quot;,&quot;copyright&quot;:&quot;&quot;,&quot;focal_length&quot;:&quot;0&quot;,&quot;iso&quot;:&quot;0&quot;,&quot;shutter_speed&quot;:&quot;0&quot;,&quot;title&quot;:&quot;&quot;,&quot;orientation&quot;:&quot;0&quot;}\" data-image-title=\"logo-wczgz-2019-oscuro\" data-image-description=\"\" data-image-caption=\"\" data-large-file=\"https:\/\/i0.wp.com\/zaragoza.wordcamp.org\/2019\/files\/2019\/01\/logo-wczgz-2019-oscuro.png?fit=525%2C251&amp;ssl=1\" src=\"https:\/\/i0.wp.com\/2019.zaragoza.wordcamp.org\/files\/2019\/01\/logo-wczgz-2019-oscuro-1024x489.png?resize=525%2C251&#038;ssl=1\" alt=\"\" class=\"wp-image-2151\" srcset=\"https:\/\/i0.wp.com\/zaragoza.wordcamp.org\/2019\/files\/2019\/01\/logo-wczgz-2019-oscuro.png?resize=1024%2C489&amp;ssl=1 1024w, https:\/\/i0.wp.com\/zaragoza.wordcamp.org\/2019\/files\/2019\/01\/logo-wczgz-2019-oscuro.png?resize=300%2C143&amp;ssl=1 300w, https:\/\/i0.wp.com\/zaragoza.wordcamp.org\/2019\/files\/2019\/01\/logo-wczgz-2019-oscuro.png?resize=768%2C367&amp;ssl=1 768w, https:\/\/i0.wp.com\/zaragoza.wordcamp.org\/2019\/files\/2019\/01\/logo-wczgz-2019-oscuro.png?resize=500%2C239&amp;ssl=1 500w, https:\/\/i0.wp.com\/zaragoza.wordcamp.org\/2019\/files\/2019\/01\/logo-wczgz-2019-oscuro.png?w=1770&amp;ssl=1 1770w, https:\/\/i0.wp.com\/zaragoza.wordcamp.org\/2019\/files\/2019\/01\/logo-wczgz-2019-oscuro.png?w=1575&amp;ssl=1 1575w\" sizes=\"auto, (max-width: 767px) 89vw, (max-width: 1000px) 54vw, (max-width: 1071px) 543px, 580px\" \/><\/figure>\n\n\n\n<div class=\"wp-block-file\"><a href=\"https:\/\/2019.zaragoza.wordcamp.org\/files\/2019\/01\/logo-wczgz-2019-oscuro.png\" target=\"_blank\" rel=\"noreferrer noopener\">Descargar<\/a><\/div>\n<\/div>\n\n\n\n<div class=\"wp-block-column bg2e242c is-layout-flow wp-block-column-is-layout-flow\">\n<figure class=\"wp-block-image\"><img data-recalc-dims=\"1\" loading=\"lazy\" decoding=\"async\" width=\"525\" height=\"251\" data-attachment-id=\"2148\" data-permalink=\"https:\/\/zaragoza.wordcamp.org\/2019\/identidad-visual\/logo-wczgz-2019-oscuro-1tinta\/\" data-orig-file=\"https:\/\/i0.wp.com\/zaragoza.wordcamp.org\/2019\/files\/2019\/01\/logo-wczgz-2019-oscuro-1tinta.png?fit=1770%2C846&amp;ssl=1\" data-orig-size=\"1770,846\" data-comments-opened=\"1\" data-image-meta=\"{&quot;aperture&quot;:&quot;0&quot;,&quot;credit&quot;:&quot;&quot;,&quot;camera&quot;:&quot;&quot;,&quot;caption&quot;:&quot;&quot;,&quot;created_timestamp&quot;:&quot;0&quot;,&quot;copyright&quot;:&quot;&quot;,&quot;focal_length&quot;:&quot;0&quot;,&quot;iso&quot;:&quot;0&quot;,&quot;shutter_speed&quot;:&quot;0&quot;,&quot;title&quot;:&quot;&quot;,&quot;orientation&quot;:&quot;0&quot;}\" data-image-title=\"logo-wczgz-2019-oscuro-1tinta\" data-image-description=\"\" data-image-caption=\"\" data-large-file=\"https:\/\/i0.wp.com\/zaragoza.wordcamp.org\/2019\/files\/2019\/01\/logo-wczgz-2019-oscuro-1tinta.png?fit=525%2C251&amp;ssl=1\" src=\"https:\/\/i0.wp.com\/2019.zaragoza.wordcamp.org\/files\/2019\/01\/logo-wczgz-2019-oscuro-1tinta-1024x489.png?resize=525%2C251&#038;ssl=1\" alt=\"\" class=\"wp-image-2148\" srcset=\"https:\/\/i0.wp.com\/zaragoza.wordcamp.org\/2019\/files\/2019\/01\/logo-wczgz-2019-oscuro-1tinta.png?resize=1024%2C489&amp;ssl=1 1024w, https:\/\/i0.wp.com\/zaragoza.wordcamp.org\/2019\/files\/2019\/01\/logo-wczgz-2019-oscuro-1tinta.png?resize=300%2C143&amp;ssl=1 300w, https:\/\/i0.wp.com\/zaragoza.wordcamp.org\/2019\/files\/2019\/01\/logo-wczgz-2019-oscuro-1tinta.png?resize=768%2C367&amp;ssl=1 768w, https:\/\/i0.wp.com\/zaragoza.wordcamp.org\/2019\/files\/2019\/01\/logo-wczgz-2019-oscuro-1tinta.png?resize=500%2C239&amp;ssl=1 500w, https:\/\/i0.wp.com\/zaragoza.wordcamp.org\/2019\/files\/2019\/01\/logo-wczgz-2019-oscuro-1tinta.png?w=1770&amp;ssl=1 1770w, https:\/\/i0.wp.com\/zaragoza.wordcamp.org\/2019\/files\/2019\/01\/logo-wczgz-2019-oscuro-1tinta.png?w=1575&amp;ssl=1 1575w\" sizes=\"auto, (max-width: 767px) 89vw, (max-width: 1000px) 54vw, (max-width: 1071px) 543px, 580px\" \/><\/figure>\n\n\n\n<div class=\"wp-block-file\"><a href=\"https:\/\/2019.zaragoza.wordcamp.org\/files\/2019\/01\/logo-wczgz-2019-oscuro-1tinta.png\" target=\"_blank\" rel=\"noreferrer noopener\">Descargar<\/a><\/div>\n<\/div>\n<\/div>\n\n\n\n<h2 class=\"wp-block-heading\">Colores<\/h2>\n\n\n\n<img data-recalc-dims=\"1\" decoding=\"async\" src=\"https:\/\/i0.wp.com\/2019.zaragoza.wordcamp.org\/files\/2019\/01\/blank.png?w=525&#038;ssl=1\" style=\"background-color: #2e242c;width: 32px;height: 32px;border: 1px solid #DCDCDC;vertical-align: middle\"><span style=\"font-size: 13px;color: #727272;margin-left: 5px\">HEX #2E242C<\/span>\n\n\n\n<div style=\"height:20px\" aria-hidden=\"true\" class=\"wp-block-spacer\"><\/div>\n\n\n\n<img data-recalc-dims=\"1\" decoding=\"async\" src=\"https:\/\/i0.wp.com\/2019.zaragoza.wordcamp.org\/files\/2019\/01\/blank.png?w=525&#038;ssl=1\" style=\"background-color: #b61637;width: 32px;height: 32px;border: 1px solid #DCDCDC;vertical-align: middle\"><span style=\"font-size: 13px;color: #727272;margin-left: 5px\">HEX #B61637<\/span>\n\n\n\n<div style=\"height:20px\" aria-hidden=\"true\" class=\"wp-block-spacer\"><\/div>\n\n\n\n<img data-recalc-dims=\"1\" decoding=\"async\" src=\"https:\/\/i0.wp.com\/2019.zaragoza.wordcamp.org\/files\/2019\/01\/blank.png?w=525&#038;ssl=1\" style=\"background-color: #FFFFFF;width: 32px;height: 32px;border: 1px solid #DCDCDC;vertical-align: middle\"><span style=\"font-size: 13px;color: #727272;margin-left: 5px\">HEX #FFFFFF<\/span>\n\n\n\n<h2 class=\"wp-block-heading\">Tipograf\u00eda<\/h2>\n\n\n\n<p class=\"wp-block-paragraph\" style=\"text-align:left\">El logotipo utiliza dos tipograf\u00edas: <a rel=\"noreferrer noopener\" aria-label=\"Elianto (opens in a new tab)\" href=\"https:\/\/www.behance.net\/gallery\/33808280\/Elianto-Free-Font\" target=\"_blank\">Elianto<\/a>, para el texto \u00abWordCamp Zaragoza\u00bb y <a href=\"https:\/\/www.behance.net\/gallery\/19532783\/AhamonoMonospaced\" target=\"_blank\" rel=\"noreferrer noopener\" aria-label=\" (opens in a new tab)\">Ahamono Monospaced<\/a> para la fecha.<\/p>\n\n\n\n<h2 class=\"wp-block-heading\">Wapuu<\/h2>\n\n\n\n<h3 class=\"wp-block-heading\">El le\u00f3n wapurro<\/h3>\n\n\n\n<p class=\"wp-block-paragraph\">Aqu\u00ed os presentamos a nuestro <strong>Le\u00f3n Wuapurro<\/strong>, el wapuu oficial de la WordCamp Zaragoza 2019.  Un trabajo espectacular realizado por nuestro gran amigo <a rel=\"noreferrer noopener\" href=\"https:\/\/twitter.com\/adriburriel\/\" target=\"_blank\">Adri\u00e1n Burriel<\/a>. <\/p>\n\n\n\n<h3 class=\"wp-block-heading\">\u00bfQu\u00e9 es?<\/h3>\n\n\n\n<p class=\"wp-block-paragraph\">\nEl movimiento Wapuu <a rel=\"noreferrer noopener\" href=\"https:\/\/wapuu.jp\/2015\/12\/12\/wapuu-origins\/\" target=\"_blank\">se origin\u00f3 en Jap\u00f3n<\/a>, en el a\u00f1o 2009, por la dise\u00f1adora <a rel=\"noreferrer noopener\" href=\"https:\/\/twitter.com\/mutsuking\" target=\"_blank\">Kazuko Kaneuchi<\/a>. Desde entonces, cada comunidad local ha ido creando su propia versi\u00f3n.\n\n<\/p>\n\n\n\n<div class=\"wp-block-image\"><figure class=\"aligncenter is-resized\"><img data-recalc-dims=\"1\" loading=\"lazy\" decoding=\"async\" data-attachment-id=\"2201\" data-permalink=\"https:\/\/zaragoza.wordcamp.org\/2019\/identidad-visual\/wapuu-wczgz-el-leon-wapurro\/\" data-orig-file=\"https:\/\/i0.wp.com\/zaragoza.wordcamp.org\/2019\/files\/2019\/01\/wapuu-wczgz-el-leon-wapurro.png?fit=1380%2C1626&amp;ssl=1\" data-orig-size=\"1380,1626\" data-comments-opened=\"1\" data-image-meta=\"{&quot;aperture&quot;:&quot;0&quot;,&quot;credit&quot;:&quot;&quot;,&quot;camera&quot;:&quot;&quot;,&quot;caption&quot;:&quot;&quot;,&quot;created_timestamp&quot;:&quot;0&quot;,&quot;copyright&quot;:&quot;&quot;,&quot;focal_length&quot;:&quot;0&quot;,&quot;iso&quot;:&quot;0&quot;,&quot;shutter_speed&quot;:&quot;0&quot;,&quot;title&quot;:&quot;&quot;,&quot;orientation&quot;:&quot;0&quot;}\" data-image-title=\"wapuu-wczgz-el-leon-wapurro\" data-image-description=\"\" data-image-caption=\"\" data-large-file=\"https:\/\/i0.wp.com\/zaragoza.wordcamp.org\/2019\/files\/2019\/01\/wapuu-wczgz-el-leon-wapurro.png?fit=525%2C619&amp;ssl=1\" src=\"https:\/\/i0.wp.com\/2019.zaragoza.wordcamp.org\/files\/2019\/01\/wapuu-wczgz-el-leon-wapurro-255x300.png?resize=128%2C150&#038;ssl=1\" alt=\"\" class=\"wp-image-2201\" width=\"128\" height=\"150\" srcset=\"https:\/\/i0.wp.com\/zaragoza.wordcamp.org\/2019\/files\/2019\/01\/wapuu-wczgz-el-leon-wapurro.png?resize=255%2C300&amp;ssl=1 255w, https:\/\/i0.wp.com\/zaragoza.wordcamp.org\/2019\/files\/2019\/01\/wapuu-wczgz-el-leon-wapurro.png?resize=768%2C905&amp;ssl=1 768w, https:\/\/i0.wp.com\/zaragoza.wordcamp.org\/2019\/files\/2019\/01\/wapuu-wczgz-el-leon-wapurro.png?resize=869%2C1024&amp;ssl=1 869w, https:\/\/i0.wp.com\/zaragoza.wordcamp.org\/2019\/files\/2019\/01\/wapuu-wczgz-el-leon-wapurro.png?w=1380&amp;ssl=1 1380w, https:\/\/i0.wp.com\/zaragoza.wordcamp.org\/2019\/files\/2019\/01\/wapuu-wczgz-el-leon-wapurro.png?w=1050&amp;ssl=1 1050w\" sizes=\"auto, (max-width: 128px) 100vw, 128px\" \/><\/figure><\/div>\n\n\n\n<div class=\"wp-block-file aligncenter\"><a href=\"https:\/\/2019.zaragoza.wordcamp.org\/files\/2019\/01\/wapuu-wczgz-el-leon-wapurro.png\" target=\"_blank\" rel=\"noreferrer noopener\">Descargar<\/a><\/div>\n","protected":false},"excerpt":{"rendered":"<p>El conjunto de identidad visual de WordCamp Zaragoza 2019 est\u00e1 formado por un imagotipo (logotipo + s\u00edmbolo). Como regla general deber\u00e1n permanecer unidos. Debe mantenerse fiel a las siguientes indicaciones, la proporci\u00f3n, as\u00ed como los colores de sus elementos (logotipo y s\u00edmbolo). A continuaci\u00f3n, se indican algunas pautas de utilizaci\u00f3n en sus versiones de dise\u00f1o &hellip; <\/p>\n<p class=\"link-more\"><a href=\"https:\/\/zaragoza.wordcamp.org\/2019\/identidad-visual\/\" class=\"more-link\">Continuar leyendo<span class=\"screen-reader-text\"> \u00abIdentidad visual\u00bb<\/span><\/a><\/p>\n","protected":false},"author":6642423,"featured_media":0,"parent":0,"menu_order":0,"comment_status":"closed","ping_status":"closed","template":"","meta":{"_crdt_document":"","jetpack_post_was_ever_published":false,"footnotes":""},"class_list":["post-1980","page","type-page","status-publish","hentry"],"jetpack_sharing_enabled":true,"jetpack_shortlink":"https:\/\/wp.me\/Pab3v4-vW","jetpack_likes_enabled":true,"jetpack-related-posts":[{"id":7,"url":"https:\/\/zaragoza.wordcamp.org\/2019\/programa\/","url_meta":{"origin":1980,"position":0},"title":"Programa","author":"Alejandro Gil Mialdea","date":"2 agosto, 2018","format":false,"excerpt":"S\u00e1bado, 26 de Enero Descarga el programa del WordCamp Zaragoza 2019 Domingo, 27 de Enero Tras el s\u00e1bado 26, d\u00eda de conferencias y de aprender, toca el d\u00eda de la contribuci\u00f3n, dedicado a colaborar y compartir tu tiempo con la comunidad para seguir haciendo de WordPress lo que es. \u00bfQuieres\u2026","rel":"","context":"Entrada similar","block_context":{"text":"Entrada similar","link":""},"img":{"alt_text":"","src":"https:\/\/i0.wp.com\/zaragoza.wordcamp.org\/2019\/files\/2018\/10\/cropped-wczgz19-favicon.png?fit=512%2C512&resize=350%2C200#038;ssl=1","width":350,"height":200},"classes":[]},{"id":13,"url":"https:\/\/zaragoza.wordcamp.org\/2019\/tickets\/","url_meta":{"origin":1980,"position":1},"title":"Tickets: Compra tu entradaPreguntas frecuentes\u2026","author":"Alejandro Gil Mialdea","date":"5 diciembre, 2018","format":false,"excerpt":"Tickets: Compra tu entradaPreguntas frecuentes Tickets Preguntas frecuentes Entrada \"Asistente\", Entrada \"Estudiante \/ en Desempleo\" o Entrada \"Fila 0\" \u00bfqu\u00e9 incluye cada una?WordCamp es para TODOS los p\u00fablicos. Perfiles \"Tech\" y \"Editor\"... \u00bfqu\u00e9 significan?\u00bfPor qu\u00e9 no se ve mi avatar?\u00bfQu\u00e9 es el \"Contributor Day?\u00bfVienes desde otra ciudad a Zaragoza? Descuento\u2026","rel":"","context":"Entrada similar","block_context":{"text":"Entrada similar","link":""},"img":{"alt_text":"","src":"https:\/\/i0.wp.com\/zaragoza.wordcamp.org\/2019\/files\/2018\/10\/cropped-wczgz19-favicon.png?fit=512%2C512&resize=350%2C200#038;ssl=1","width":350,"height":200},"classes":[]}],"_links":{"self":[{"href":"https:\/\/zaragoza.wordcamp.org\/2019\/wp-json\/wp\/v2\/pages\/1980","targetHints":{"allow":["GET"]}}],"collection":[{"href":"https:\/\/zaragoza.wordcamp.org\/2019\/wp-json\/wp\/v2\/pages"}],"about":[{"href":"https:\/\/zaragoza.wordcamp.org\/2019\/wp-json\/wp\/v2\/types\/page"}],"author":[{"embeddable":true,"href":"https:\/\/zaragoza.wordcamp.org\/2019\/wp-json\/wp\/v2\/users\/6642423"}],"replies":[{"embeddable":true,"href":"https:\/\/zaragoza.wordcamp.org\/2019\/wp-json\/wp\/v2\/comments?post=1980"}],"version-history":[{"count":33,"href":"https:\/\/zaragoza.wordcamp.org\/2019\/wp-json\/wp\/v2\/pages\/1980\/revisions"}],"predecessor-version":[{"id":2222,"href":"https:\/\/zaragoza.wordcamp.org\/2019\/wp-json\/wp\/v2\/pages\/1980\/revisions\/2222"}],"wp:attachment":[{"href":"https:\/\/zaragoza.wordcamp.org\/2019\/wp-json\/wp\/v2\/media?parent=1980"}],"curies":[{"name":"wp","href":"https:\/\/api.w.org\/{rel}","templated":true}]}}