{"id":11,"date":"2018-08-02T10:10:28","date_gmt":"2018-08-02T10:10:28","guid":{"rendered":"https:\/\/2019.zaragoza.wordcamp.org\/location\/"},"modified":"2018-12-31T09:04:26","modified_gmt":"2018-12-31T08:04:26","slug":"ubicacion","status":"publish","type":"page","link":"https:\/\/zaragoza.wordcamp.org\/2019\/ubicacion\/","title":{"rendered":"Lugar del evento"},"content":{"rendered":"<p>El lugar elegido para WordCamp Zaragoza 2019 es el edificio <strong>ETOPIA Centro de Arte y Tecnolog\u00eda<\/strong>; un equipamiento de nueva generaci\u00f3n dise\u00f1ado para albergar y promover proyectos creativos y emprendedores.<\/p>\n<p><img data-recalc-dims=\"1\" loading=\"lazy\" decoding=\"async\" data-attachment-id=\"742\" data-permalink=\"https:\/\/zaragoza.wordcamp.org\/2019\/ubicacion\/etopia-zaragoza\/\" data-orig-file=\"https:\/\/i0.wp.com\/zaragoza.wordcamp.org\/2019\/files\/2018\/11\/etopia-zaragoza.jpg?fit=2500%2C1667&amp;ssl=1\" data-orig-size=\"2500,1667\" data-comments-opened=\"1\" data-image-meta=\"{&quot;aperture&quot;:&quot;0&quot;,&quot;credit&quot;:&quot;&quot;,&quot;camera&quot;:&quot;&quot;,&quot;caption&quot;:&quot;&quot;,&quot;created_timestamp&quot;:&quot;0&quot;,&quot;copyright&quot;:&quot;Ayuntamiento de Zaragoza&quot;,&quot;focal_length&quot;:&quot;0&quot;,&quot;iso&quot;:&quot;0&quot;,&quot;shutter_speed&quot;:&quot;0&quot;,&quot;title&quot;:&quot;&quot;,&quot;orientation&quot;:&quot;0&quot;}\" data-image-title=\"Etopia_ Centro de Arte y Tecnolog\u00eda\" data-image-description=\"\" data-image-caption=\"\" data-large-file=\"https:\/\/i0.wp.com\/zaragoza.wordcamp.org\/2019\/files\/2018\/11\/etopia-zaragoza.jpg?fit=525%2C350&amp;ssl=1\" class=\"alignnone size-full wp-image-742\" src=\"https:\/\/i0.wp.com\/2019.zaragoza.wordcamp.org\/files\/2018\/11\/etopia-zaragoza.jpg?resize=525%2C350&#038;ssl=1\" alt=\"\" width=\"525\" height=\"350\" srcset=\"https:\/\/i0.wp.com\/zaragoza.wordcamp.org\/2019\/files\/2018\/11\/etopia-zaragoza.jpg?w=2500&amp;ssl=1 2500w, https:\/\/i0.wp.com\/zaragoza.wordcamp.org\/2019\/files\/2018\/11\/etopia-zaragoza.jpg?resize=300%2C200&amp;ssl=1 300w, https:\/\/i0.wp.com\/zaragoza.wordcamp.org\/2019\/files\/2018\/11\/etopia-zaragoza.jpg?resize=768%2C512&amp;ssl=1 768w, https:\/\/i0.wp.com\/zaragoza.wordcamp.org\/2019\/files\/2018\/11\/etopia-zaragoza.jpg?resize=1024%2C683&amp;ssl=1 1024w, https:\/\/i0.wp.com\/zaragoza.wordcamp.org\/2019\/files\/2018\/11\/etopia-zaragoza.jpg?resize=450%2C300&amp;ssl=1 450w, https:\/\/i0.wp.com\/zaragoza.wordcamp.org\/2019\/files\/2018\/11\/etopia-zaragoza.jpg?w=1575&amp;ssl=1 1575w\" sizes=\"auto, (max-width: 767px) 89vw, (max-width: 1000px) 54vw, (max-width: 1071px) 543px, 580px\" \/><\/p>\n<p>Un lugar para <em>investigar, aprender, probar, contar, pasear, compartir<\/em>. Un espacio reservado para la cultura contempor\u00e1nea. Un espacio abierto a todos los ciudadanos, a todas las empresas, a todos los creadores interesados en desarrollar, explorar y compartir nuevas ideas. Un lugar de encuentro permanente, organizado o casual, entre personas creativas: <strong>un verdadero ecosistema de innovaci\u00f3n<\/strong>.<\/p>\n<p><strong>El lugar ideal para una celebrar una WordCamp.<\/strong><\/p>\n<h2>\u00bfD\u00f3nde se ubica ETOPIA?<\/h2>\n<p>El edificio ETOPIA se encuentra a cinco minutos andando de la Estaci\u00f3n del AVE \u2014 conectada directamente a trav\u00e9s de una pasarela \u2014 en plena puerta de entrada a Zaragoza a trav\u00e9s de la autopista A-68.<\/p>\n<p>Se ubica en el punto de intersecci\u00f3n de dos de los ejes urbanos con m\u00e1s capacidad de atracci\u00f3n cultural y empresarial: el Parque Empresarial Expo (zona de la Exposici\u00f3n Internacional que tuvo lugar en Zaragoza, en 2008), que incluye el Pabell\u00f3n Puente, la Torre del Agua, el Instituto de Investigaci\u00f3n de Cambio Clim\u00e1tico, el Acuario Fluvial y el Parque Metropolitano del Agua \u00abLuis Bu\u00f1uel\u00bb.<\/p>\n<div class=\"googlemaps\">\n\t\t\t\t<iframe loading=\"lazy\" width=\"800\" height=\"600\" frameborder=\"0\" scrolling=\"no\" marginheight=\"0\" marginwidth=\"0\"  src=\"https:\/\/www.google.com\/maps\/embed?pb=!1m18!1m12!1m3!1d2980.833986087112!2d-0.9093224845657607!3d41.65932877924006!2m3!1f0!2f0!3f0!3m2!1i1024!2i768!4f13.1!3m3!1m2!1s0xd596b4aded0f4d1:0x12f8c30f1a51a61f!2sETOPIA%20Centro%20de%20Arte%20y%20Tecnolog\u00eda!5e0!3m2!1ses!2ses!4v1509961555755\"><\/iframe>\n\t\t\t<\/div>\n<h2><strong>\u00bfC\u00f3mo llegar a ETOPIA?<\/strong><\/h2>\n<p>El edificio garantiza la m\u00e1xima accesibilidad a trav\u00e9s del AVE (con el centro de Madrid y Barcelona a menos de una hora y media), entrada a la ciudad por la Z-40, ferrocarril de cercan\u00edas, estaci\u00f3n central de autobuses interurbanos, carril bici y lineas circulares de autob\u00fas urbano.<\/p>\n<h3>C\u00f3mo llegar hasta Zaragoza<\/h3>\n<p>Lo m\u00e1s efectivo es usar el transporte colectivo. Zaragoza cuenta con numerosas comunicaciones a trav\u00e9s de tren, bus y avi\u00f3n.<\/p>\n<p>Puede obtener m\u00e1s informaci\u00f3n en nuestra p\u00e1gina sobre <strong><a href=\"https:\/\/2019.zaragoza.wordcamp.org\/como-llegar-a-zaragoza\/\">c\u00f3mo llegar a Zaragoza<\/a><\/strong>.<\/p>\n<h3>L\u00edneas de bus urbano:<\/h3>\n<p><img data-recalc-dims=\"1\" loading=\"lazy\" decoding=\"async\" class=\"lineabus\" src=\"https:\/\/i0.wp.com\/2018.zaragoza.wordcamp.org\/files\/2017\/08\/bus-Ci2.png?resize=70%2C27&#038;ssl=1\" alt=\"\" width=\"70\" height=\"27\" \/><br \/>\nDe Camino de las Torres a Estaci\u00f3n Delicias <a title=\"L\u00ednea de bus Ci2, Zaragoza\" href=\"http:\/\/zaragoza.avanzagrupo.com\/frm_esquemaparadas.php?LINEASEL=CI2\" target=\"_blank\" rel=\"noopener\">\u2192<\/a><\/p>\n<p><img data-recalc-dims=\"1\" loading=\"lazy\" decoding=\"async\" class=\"lineabus\" src=\"https:\/\/i0.wp.com\/2018.zaragoza.wordcamp.org\/files\/2017\/08\/bus-34.png?resize=70%2C27&#038;ssl=1\" alt=\"\" width=\"70\" height=\"27\" \/><br \/>\nDe Estaci\u00f3n Delicias a Cementerio <a title=\"L\u00ednea de bus 34, Zaragoza\" href=\"http:\/\/zaragoza.avanzagrupo.com\/frm_esquemaparadas.php?LINEASEL=034\" target=\"_blank\" rel=\"noopener\">\u2192<\/a><\/p>\n<p><img data-recalc-dims=\"1\" loading=\"lazy\" decoding=\"async\" src=\"https:\/\/i0.wp.com\/2018.zaragoza.wordcamp.org\/files\/2017\/08\/bus-51.png?resize=70%2C27&#038;ssl=1\" alt=\"\" width=\"70\" height=\"27\" \/><br \/>\nDe Pabell\u00f3n Pr\u00edncipe Felipe a Estaci\u00f3n Delicias <a title=\"L\u00ednea de bus 51, Zaragoza\" href=\"http:\/\/zaragoza.avanzagrupo.com\/frm_esquemaparadas.php?LINEASEL=051\" target=\"_blank\" rel=\"noopener\">\u2192<\/a><\/p>\n<p>Puedes consultar m\u00e1s informaci\u00f3n en la web de <a href=\"http:\/\/zaragoza.avanzagrupo.com\/\" target=\"_blank\" rel=\"noopener\">Avanza<\/a>, empresa que gestiona los autobuses urbanos de Zaragoza.<\/p>\n<h3>Servicio BiZi<\/h3>\n<p>En Zaragoza, como en muchos otras ciudades espa\u00f1oles, existe un servicio municipal de alquiler de bicicletas llamado Bizi. Puedes adquirir, por ejemplo, un bono temporal de 3 d\u00edas.<\/p>\n<p>Consulta m\u00e1s informaci\u00f3n en la web oficial de <a href=\"https:\/\/www.bizizaragoza.com\/es\/content\/abono-temporal-0\" target=\"_blank\" rel=\"noopener\">Bizi<\/a>.<\/p>\n<p><img data-recalc-dims=\"1\" loading=\"lazy\" decoding=\"async\" class=\"alignnone size-full wp-image-264\" src=\"https:\/\/i0.wp.com\/2018.zaragoza.wordcamp.org\/files\/2017\/08\/barrio-del-ave.jpg?resize=525%2C306&#038;ssl=1\" alt=\"\" width=\"525\" height=\"306\" \/><\/p>\n","protected":false},"excerpt":{"rendered":"<p>El lugar elegido para WordCamp Zaragoza 2019 es el edificio ETOPIA Centro de Arte y Tecnolog\u00eda; un equipamiento de nueva generaci\u00f3n dise\u00f1ado para albergar y promover proyectos creativos y emprendedores. Un lugar para investigar, aprender, probar, contar, pasear, compartir. Un espacio reservado para la cultura contempor\u00e1nea. Un espacio abierto a todos los ciudadanos, a todas &hellip; <\/p>\n<p class=\"link-more\"><a href=\"https:\/\/zaragoza.wordcamp.org\/2019\/ubicacion\/\" class=\"more-link\">Continuar leyendo<span class=\"screen-reader-text\"> \u00abLugar del evento\u00bb<\/span><\/a><\/p>\n","protected":false},"author":6642423,"featured_media":0,"parent":0,"menu_order":0,"comment_status":"closed","ping_status":"closed","template":"","meta":{"_crdt_document":"","jetpack_post_was_ever_published":false,"footnotes":""},"class_list":["post-11","page","type-page","status-publish","hentry"],"jetpack_sharing_enabled":true,"jetpack_shortlink":"https:\/\/wp.me\/Pab3v4-b","jetpack_likes_enabled":true,"jetpack-related-posts":[{"id":19,"url":"https:\/\/zaragoza.wordcamp.org\/2019\/codigo-de-conducta\/","url_meta":{"origin":11,"position":0},"title":"C\u00f3digo de conducta","author":"Alejandro Gil Mialdea","date":"2 agosto, 2018","format":false,"excerpt":"Prop\u00f3sito WordCamp Zaragoza cree en una comunidad abierta a todo el mundo. Como tal, estamos comprometidos a proporcionar un ambiente amigable, seguro y acogedor para todos; independientemente de su sexo, orientaci\u00f3n sexual, discapacidad, etnia, religi\u00f3n, sistema operativo preferido, lenguaje de programaci\u00f3n o editor de texto. Este c\u00f3digo de conducta resume\u2026","rel":"","context":"Entrada similar","block_context":{"text":"Entrada similar","link":""},"img":{"alt_text":"","src":"https:\/\/i0.wp.com\/zaragoza.wordcamp.org\/2019\/files\/2018\/10\/cropped-wczgz19-favicon.png?fit=512%2C512&resize=350%2C200#038;ssl=1","width":350,"height":200},"classes":[]},{"id":2022,"url":"https:\/\/zaragoza.wordcamp.org\/2019\/contributor-day-wordcamp\/","url_meta":{"origin":11,"position":1},"title":"Contributor Day. \u00bfQu\u00e9 es y por qu\u00e9 tienes que venir?","author":"Priscilla Bocage","date":"5 enero, 2019","format":false,"excerpt":"Has visto en el programa que la WordCamp es un evento que se divide en dos d\u00edas y que el segundo es el \"Contributor Day\". \u00bfQu\u00e9 es el Contributor Day? El Contributor Day se suele celebrar el segundo d\u00eda de una WordCamp. En la WordCamp Zaragoza 2019 , tendr\u00e1 lugar\u2026","rel":"","context":"Entrada similar","block_context":{"text":"Entrada similar","link":""},"img":{"alt_text":"","src":"https:\/\/i0.wp.com\/zaragoza.wordcamp.org\/2019\/files\/2019\/01\/cover-contributor-day.png?fit=650%2C250&ssl=1&resize=350%2C200","width":350,"height":200,"srcset":"https:\/\/i0.wp.com\/zaragoza.wordcamp.org\/2019\/files\/2019\/01\/cover-contributor-day.png?fit=650%2C250&ssl=1&resize=350%2C200 1x, https:\/\/i0.wp.com\/zaragoza.wordcamp.org\/2019\/files\/2019\/01\/cover-contributor-day.png?fit=650%2C250&ssl=1&resize=525%2C300 1.5x"},"classes":[]},{"id":1020,"url":"https:\/\/zaragoza.wordcamp.org\/2019\/como-llegar-a-zaragoza\/","url_meta":{"origin":11,"position":2},"title":"\u00bfC\u00f3mo llegar a Zaragoza?","author":"Priscilla Bocage","date":"5 diciembre, 2018","format":false,"excerpt":"Situaci\u00f3n geogr\u00e1fica de ZaragozaVenir en avi\u00f3nVuelos directos a ZaragozaVuelos a Madrid, Barcelona o ValenciaVenir a Zaragoza en trenDescuento RENFEVenir en busMadrid \u00ab\u00bb ZaragozaBarcelona \u00ab\u00bb ZaragozaValencia \u00ab\u00bb ZaragozaBilbao \u00ab\u00bb ZaragozaVenir en cocheUsar servicios para compartir cocheAparcamiento en Zaragoza Todos los caminos llevan a\u2026 Caesaraugusta. Zaragoza es la quinta ciudad espa\u00f1ola a\u2026","rel":"","context":"Entrada similar","block_context":{"text":"Entrada similar","link":""},"img":{"alt_text":"","src":"https:\/\/i0.wp.com\/zaragoza.wordcamp.org\/2019\/files\/2018\/11\/Zaragoza-ciudad-estrategia-1.png?resize=350%2C200&ssl=1","width":350,"height":200,"srcset":"https:\/\/i0.wp.com\/zaragoza.wordcamp.org\/2019\/files\/2018\/11\/Zaragoza-ciudad-estrategia-1.png?resize=350%2C200&ssl=1 1x, https:\/\/i0.wp.com\/zaragoza.wordcamp.org\/2019\/files\/2018\/11\/Zaragoza-ciudad-estrategia-1.png?resize=525%2C300&ssl=1 1.5x, https:\/\/i0.wp.com\/zaragoza.wordcamp.org\/2019\/files\/2018\/11\/Zaragoza-ciudad-estrategia-1.png?resize=700%2C400&ssl=1 2x"},"classes":[]},{"id":7,"url":"https:\/\/zaragoza.wordcamp.org\/2019\/programa\/","url_meta":{"origin":11,"position":3},"title":"Programa","author":"Alejandro Gil Mialdea","date":"2 agosto, 2018","format":false,"excerpt":"S\u00e1bado, 26 de Enero Descarga el programa del WordCamp Zaragoza 2019 Domingo, 27 de Enero Tras el s\u00e1bado 26, d\u00eda de conferencias y de aprender, toca el d\u00eda de la contribuci\u00f3n, dedicado a colaborar y compartir tu tiempo con la comunidad para seguir haciendo de WordPress lo que es. \u00bfQuieres\u2026","rel":"","context":"Entrada similar","block_context":{"text":"Entrada similar","link":""},"img":{"alt_text":"","src":"https:\/\/i0.wp.com\/zaragoza.wordcamp.org\/2019\/files\/2018\/10\/cropped-wczgz19-favicon.png?fit=512%2C512&resize=350%2C200#038;ssl=1","width":350,"height":200},"classes":[]},{"id":13,"url":"https:\/\/zaragoza.wordcamp.org\/2019\/tickets\/","url_meta":{"origin":11,"position":4},"title":"Tickets: Compra tu entradaPreguntas frecuentes\u2026","author":"Alejandro Gil Mialdea","date":"5 diciembre, 2018","format":false,"excerpt":"Tickets: Compra tu entradaPreguntas frecuentes Tickets Preguntas frecuentes Entrada \"Asistente\", Entrada \"Estudiante \/ en Desempleo\" o Entrada \"Fila 0\" \u00bfqu\u00e9 incluye cada una?WordCamp es para TODOS los p\u00fablicos. Perfiles \"Tech\" y \"Editor\"... \u00bfqu\u00e9 significan?\u00bfPor qu\u00e9 no se ve mi avatar?\u00bfQu\u00e9 es el \"Contributor Day?\u00bfVienes desde otra ciudad a Zaragoza? Descuento\u2026","rel":"","context":"Entrada similar","block_context":{"text":"Entrada similar","link":""},"img":{"alt_text":"","src":"https:\/\/i0.wp.com\/zaragoza.wordcamp.org\/2019\/files\/2018\/10\/cropped-wczgz19-favicon.png?fit=512%2C512&resize=350%2C200#038;ssl=1","width":350,"height":200},"classes":[]},{"id":2,"url":"https:\/\/zaragoza.wordcamp.org\/2019\/","url_meta":{"origin":11,"position":5},"title":"Comprar mi entrada Ver programa\u2026","author":"Alejandro Gil Mialdea","date":"2 agosto, 2018","format":false,"excerpt":"Comprar mi entrada Ver programa y ponentes Conoce a nuestros patrocinadores \u00a1Se acerca WordCamp Zaragoza! Un emocionante evento de aprendizaje, contactos y diversi\u00f3n. \u00danete a nosotros en un viaje de 2 d\u00edas, 26 y 27 de enero, a trav\u00e9s de las entra\u00f1as de WordPress. \u00daltimas noticias Ver todas Nuestros patrocinadores","rel":"","context":"Entrada similar","block_context":{"text":"Entrada similar","link":""},"img":{"alt_text":"","src":"https:\/\/i0.wp.com\/zaragoza.wordcamp.org\/2019\/files\/2018\/10\/cropped-wczgz19-favicon.png?fit=512%2C512&resize=350%2C200#038;ssl=1","width":350,"height":200},"classes":[]}],"_links":{"self":[{"href":"https:\/\/zaragoza.wordcamp.org\/2019\/wp-json\/wp\/v2\/pages\/11","targetHints":{"allow":["GET"]}}],"collection":[{"href":"https:\/\/zaragoza.wordcamp.org\/2019\/wp-json\/wp\/v2\/pages"}],"about":[{"href":"https:\/\/zaragoza.wordcamp.org\/2019\/wp-json\/wp\/v2\/types\/page"}],"author":[{"embeddable":true,"href":"https:\/\/zaragoza.wordcamp.org\/2019\/wp-json\/wp\/v2\/users\/6642423"}],"replies":[{"embeddable":true,"href":"https:\/\/zaragoza.wordcamp.org\/2019\/wp-json\/wp\/v2\/comments?post=11"}],"version-history":[{"count":9,"href":"https:\/\/zaragoza.wordcamp.org\/2019\/wp-json\/wp\/v2\/pages\/11\/revisions"}],"predecessor-version":[{"id":1934,"href":"https:\/\/zaragoza.wordcamp.org\/2019\/wp-json\/wp\/v2\/pages\/11\/revisions\/1934"}],"wp:attachment":[{"href":"https:\/\/zaragoza.wordcamp.org\/2019\/wp-json\/wp\/v2\/media?parent=11"}],"curies":[{"name":"wp","href":"https:\/\/api.w.org\/{rel}","templated":true}]}}